CRAN Package Check Results for Package assertive.base

Last updated on 2022-06-28 12:52:17 CEST.

Flavor Version Tinstall Tcheck Ttotal Status Flags
r-devel-linux-x86_64-debian-clang 0.0-9 3.23 29.92 33.15 NOTE
r-devel-linux-x86_64-debian-gcc 0.0-9 2.00 23.08 25.08 NOTE
r-devel-linux-x86_64-fedora-clang 0.0-9 50.74 NOTE
r-devel-linux-x86_64-fedora-gcc 0.0-9 50.57 NOTE
r-devel-windows-x86_64 0.0-9 123.00 57.00 180.00 NOTE
r-patched-linux-x86_64 0.0-9 3.07 28.96 32.03 NOTE
r-release-linux-x86_64 0.0-9 2.95 29.52 32.47 NOTE
r-release-macos-arm64 0.0-9 17.00 NOTE
r-release-macos-x86_64 0.0-9 27.00 NOTE
r-release-windows-x86_64 0.0-9 121.00 55.00 176.00 NOTE
r-oldrel-macos-arm64 0.0-9 20.00 NOTE
r-oldrel-macos-x86_64 0.0-9 32.00 NOTE
r-oldrel-windows-ix86+x86_64 0.0-9 6.00 47.00 53.00 NOTE

Check Details

Version: 0.0-9
Check: LazyData
Result: NOTE
     'LazyData' is specified without a 'data' directory
Flavors: r-devel-linux-x86_64-debian-clang, r-devel-linux-x86_64-debian-gcc, r-devel-linux-x86_64-fedora-clang, r-devel-linux-x86_64-fedora-gcc, r-devel-windows-x86_64, r-patched-linux-x86_64, r-release-linux-x86_64, r-release-macos-arm64, r-release-macos-x86_64, r-release-windows-x86_64, r-oldrel-macos-arm64, r-oldrel-macos-x86_64, r-oldrel-windows-ix86+x86_64

Version: 0.0-9
Check: Rd cross-references
Result: NOTE
    Undeclared packages ‘assertive.properties’, ‘assertive.types’ in Rd xrefs
Flavor: r-devel-linux-x86_64-fedora-clang