CRAN Package Check Results for Package assertions

Last updated on 2024-02-22 12:48:20 CET.

Flavor Version Tinstall Tcheck Ttotal Status Flags
r-devel-linux-x86_64-debian-clang 0.1.0 NOTE
r-devel-linux-x86_64-debian-gcc 0.1.0 4.66 51.60 56.26 NOTE
r-devel-linux-x86_64-fedora-clang 0.1.0 90.27 OK
r-devel-linux-x86_64-fedora-gcc 0.1.0 98.81 OK
r-devel-windows-x86_64 0.1.0 7.00 83.00 90.00 OK
r-patched-linux-x86_64 0.1.0 5.78 65.81 71.59 OK
r-release-linux-x86_64 0.1.0 4.89 67.64 72.53 OK
r-release-macos-arm64 0.1.0 51.00 OK
r-release-macos-x86_64 0.1.0 95.00 OK
r-release-windows-x86_64 0.1.0 6.00 94.00 100.00 OK
r-oldrel-macos-arm64 0.1.0 46.00 OK
r-oldrel-windows-x86_64 0.1.0 9.00 84.00 93.00 OK

Check Details

Version: 0.1.0
Check: Rd files
Result: NOTE checkRd: (-1) assert.Rd:12: Lost braces; missing escapes or markup? 12 | \item{msg}{A character string containing the error message to display if any of the conditions are not met. The string can include the placeholder {failed_expressions} to insert a list of the failed expressions. The string can also include {?s} and {?is/are} to insert the correct pluralization for the list of failed expressions.} | ^ checkRd: (-1) assert.Rd:12: Lost braces; missing escapes or markup? 12 | \item{msg}{A character string containing the error message to display if any of the conditions are not met. The string can include the placeholder {failed_expressions} to insert a list of the failed expressions. The string can also include {?s} and {?is/are} to insert the correct pluralization for the list of failed expressions.} | ^ checkRd: (-1) assert.Rd:12: Lost braces; missing escapes or markup? 12 | \item{msg}{A character string containing the error message to display if any of the conditions are not met. The string can include the placeholder {failed_expressions} to insert a list of the failed expressions. The string can also include {?s} and {?is/are} to insert the correct pluralization for the list of failed expressions.} | ^ Flavors: r-devel-linux-x86_64-debian-clang, r-devel-linux-x86_64-debian-gcc