CRAN Package Check Results for Package aslib

Last updated on 2022-07-02 12:52:57 CEST.

Flavor Version Tinstall Tcheck Ttotal Status Flags
r-devel-linux-x86_64-debian-clang 0.1.1 23.15 202.95 226.10 NOTE
r-devel-linux-x86_64-debian-gcc 0.1.1 18.70 153.25 171.95 NOTE
r-devel-linux-x86_64-fedora-clang 0.1.1 253.72 NOTE
r-devel-linux-x86_64-fedora-gcc 0.1.1 270.36 NOTE
r-devel-windows-x86_64 0.1.1 52.00 190.00 242.00 NOTE
r-patched-linux-x86_64 0.1.1 21.20 193.98 215.18 NOTE
r-release-linux-x86_64 0.1.1 17.12 199.97 217.09 NOTE
r-release-macos-arm64 0.1.1 65.00 NOTE
r-release-macos-x86_64 0.1.1 132.00 NOTE
r-release-windows-x86_64 0.1.1 39.00 186.00 225.00 NOTE
r-oldrel-macos-arm64 0.1.1 88.00 NOTE
r-oldrel-macos-x86_64 0.1.1 116.00 NOTE
r-oldrel-windows-ix86+x86_64 0.1.1 47.00 197.00 244.00 NOTE

Check Details

Version: 0.1.1
Check: LazyData
Result: NOTE
     'LazyData' is specified without a 'data' directory
Flavors: r-devel-linux-x86_64-debian-clang, r-devel-linux-x86_64-debian-gcc, r-devel-linux-x86_64-fedora-clang, r-devel-linux-x86_64-fedora-gcc, r-devel-windows-x86_64, r-patched-linux-x86_64, r-release-linux-x86_64, r-release-macos-arm64, r-release-macos-x86_64, r-release-windows-x86_64, r-oldrel-macos-arm64, r-oldrel-macos-x86_64, r-oldrel-windows-ix86+x86_64