Last updated on 2024-04-18 12:52:37 CEST.
Flavor | Version | Tinstall | Tcheck | Ttotal | Status | Flags |
---|---|---|---|---|---|---|
r-devel-linux-x86_64-debian-clang | 0.0.1 | 3.58 | 99.84 | 103.42 | OK | |
r-devel-linux-x86_64-debian-gcc | 0.0.1 | 2.84 | 83.86 | 86.70 | OK | |
r-devel-linux-x86_64-fedora-clang | 0.0.1 | 141.41 | NOTE | |||
r-devel-linux-x86_64-fedora-gcc | 0.0.1 | 142.57 | NOTE | |||
r-prerel-macos-arm64 | 0.0.1 | 39.00 | OK | |||
r-prerel-windows-x86_64 | 0.0.1 | 5.00 | 109.00 | 114.00 | OK | |
r-patched-linux-x86_64 | 0.0.1 | 3.04 | 105.17 | 108.21 | OK | |
r-release-linux-x86_64 | 0.0.1 | 3.68 | 109.52 | 113.20 | OK | |
r-release-macos-arm64 | 0.0.1 | 42.00 | OK | |||
r-release-macos-x86_64 | 0.0.1 | 72.00 | OK | |||
r-release-windows-x86_64 | 0.0.1 | 6.00 | 107.00 | 113.00 | OK | |
r-oldrel-macos-arm64 | 0.0.1 | 37.00 | NOTE | |||
r-oldrel-windows-x86_64 | 0.0.1 | 6.00 | 115.00 | 121.00 | OK |
Version: 0.0.1
Check: dependencies in R code
Result: NOTE
Namespace in Imports field not imported from: ‘purrr’
All declared Imports should be used.
Flavors: r-devel-linux-x86_64-fedora-clang, r-devel-linux-x86_64-fedora-gcc, r-oldrel-macos-arm64