Last updated on 2024-03-28 09:51:36 CET.
Flavor | Version | Tinstall | Tcheck | Ttotal | Status | Flags |
---|---|---|---|---|---|---|
r-devel-linux-x86_64-debian-clang | 0.6 | 4.33 | 20.42 | 24.75 | NOTE | |
r-devel-linux-x86_64-debian-gcc | 0.6 | 3.41 | 15.96 | 19.37 | NOTE | |
r-devel-linux-x86_64-fedora-clang | 0.6 | 33.07 | NOTE | |||
r-devel-linux-x86_64-fedora-gcc | 0.6 | 31.04 | NOTE | |||
r-devel-windows-x86_64 | 0.6 | 6.00 | 36.00 | 42.00 | NOTE | |
r-patched-linux-x86_64 | 0.6 | 4.32 | 19.43 | 23.75 | NOTE | |
r-release-linux-x86_64 | 0.6 | 3.98 | 19.47 | 23.45 | OK | |
r-release-macos-arm64 | 0.6 | 16.00 | OK | |||
r-release-macos-x86_64 | 0.6 | 21.00 | OK | |||
r-release-windows-x86_64 | 0.6 | 8.00 | 55.00 | 63.00 | OK | |
r-oldrel-macos-arm64 | 0.6 | 19.00 | OK | |||
r-oldrel-windows-x86_64 | 0.6 | 9.00 | 60.00 | 69.00 | OK |
Version: 0.6
Check: Rd files
Result: NOTE
checkRd: (-1) ars.Rd:27: Lost braces in \enumerate; meant \describe ?
checkRd: (-1) ars.Rd:28: Lost braces in \enumerate; meant \describe ?
checkRd: (-1) ars.Rd:29: Lost braces in \enumerate; meant \describe ?
checkRd: (-1) ars.Rd:30: Lost braces in \enumerate; meant \describe ?
checkRd: (-1) ars.Rd:31: Lost braces in \enumerate; meant \describe ?
checkRd: (-1) ars.Rd:32: Lost braces in \enumerate; meant \describe ?
checkRd: (-1) ars.Rd:36: Lost braces in \enumerate; meant \describe ?
checkRd: (-1) ars.Rd:37: Lost braces in \enumerate; meant \describe ?
checkRd: (-1) ars.Rd:38: Lost braces in \enumerate; meant \describe ?
checkRd: (-1) ars.Rd:39: Lost braces in \enumerate; meant \describe ?
Flavors: r-devel-linux-x86_64-debian-clang, r-devel-linux-x86_64-debian-gcc, r-devel-linux-x86_64-fedora-clang, r-devel-linux-x86_64-fedora-gcc, r-devel-windows-x86_64, r-patched-linux-x86_64