Last updated on 2022-07-01 11:51:54 CEST.
Flavor | Version | Tinstall | Tcheck | Ttotal | Status | Flags |
---|---|---|---|---|---|---|
r-devel-linux-x86_64-debian-clang | 0.1.0 | 17.53 | 206.87 | 224.40 | OK | |
r-devel-linux-x86_64-debian-gcc | 0.1.0 | 16.47 | 155.51 | 171.98 | OK | |
r-devel-linux-x86_64-fedora-clang | 0.1.0 | 279.48 | NOTE | |||
r-devel-linux-x86_64-fedora-gcc | 0.1.0 | 280.13 | NOTE | |||
r-devel-windows-x86_64 | 0.1.0 | 27.00 | 224.00 | 251.00 | OK | |
r-patched-linux-x86_64 | 0.1.0 | 16.52 | 200.56 | 217.08 | OK | |
r-release-linux-x86_64 | 0.1.0 | 19.50 | 202.94 | 222.44 | OK | |
r-release-macos-arm64 | 0.1.0 | 72.00 | NOTE | |||
r-release-macos-x86_64 | 0.1.0 | 104.00 | NOTE | |||
r-release-windows-x86_64 | 0.1.0 | 27.00 | 226.00 | 253.00 | OK | |
r-oldrel-macos-arm64 | 0.1.0 | 107.00 | NOTE | |||
r-oldrel-macos-x86_64 | 0.1.0 | 258.00 | NOTE | |||
r-oldrel-windows-ix86+x86_64 | 0.1.0 | 44.00 | 219.00 | 263.00 | OK |
Version: 0.1.0
Check: dependencies in R code
Result: NOTE
Namespace in Imports field not imported from: ‘mvtnorm’
All declared Imports should be used.
Flavors: r-devel-linux-x86_64-fedora-clang, r-devel-linux-x86_64-fedora-gcc, r-release-macos-arm64, r-release-macos-x86_64, r-oldrel-macos-arm64, r-oldrel-macos-x86_64