CRAN Package Check Results for Package arena2r

Last updated on 2022-06-27 11:50:37 CEST.

Flavor Version Tinstall Tcheck Ttotal Status Flags
r-devel-linux-x86_64-debian-clang 1.0.0 3.60 47.70 51.30 OK
r-devel-linux-x86_64-debian-gcc 1.0.0 2.68 36.10 38.78 OK
r-devel-linux-x86_64-fedora-clang 1.0.0 71.09 NOTE
r-devel-linux-x86_64-fedora-gcc 1.0.0 70.31 NOTE
r-devel-windows-x86_64 1.0.0 23.00 77.00 100.00 OK
r-patched-linux-x86_64 1.0.0 2.83 45.15 47.98 OK
r-release-linux-x86_64 1.0.0 3.40 45.26 48.66 OK
r-release-macos-arm64 1.0.0 23.00 NOTE
r-release-macos-x86_64 1.0.0 43.00 NOTE
r-release-windows-x86_64 1.0.0 22.00 74.00 96.00 OK
r-oldrel-macos-arm64 1.0.0 31.00 NOTE
r-oldrel-macos-x86_64 1.0.0 36.00 NOTE
r-oldrel-windows-ix86+x86_64 1.0.0 10.00 68.00 78.00 OK

Check Details

Version: 1.0.0
Check: dependencies in R code
Result: NOTE
    Namespaces in Imports field not imported from:
     ‘purrr’ ‘shinyBS’ ‘shinydashboard’ ‘shinyjs’
     All declared Imports should be used.
Flavors: r-devel-linux-x86_64-fedora-clang, r-devel-linux-x86_64-fedora-gcc, r-release-macos-arm64, r-release-macos-x86_64, r-oldrel-macos-arm64, r-oldrel-macos-x86_64