Last updated on 2022-06-30 11:53:01 CEST.
Flavor | Version | Tinstall | Tcheck | Ttotal | Status | Flags |
---|---|---|---|---|---|---|
r-devel-linux-x86_64-debian-clang | 0.2.5 | 9.36 | 154.26 | 163.62 | OK | |
r-devel-linux-x86_64-debian-gcc | 0.2.5 | 7.53 | 112.96 | 120.49 | OK | |
r-devel-linux-x86_64-fedora-clang | 0.2.5 | 193.86 | NOTE | |||
r-devel-linux-x86_64-fedora-gcc | 0.2.5 | 207.13 | NOTE | |||
r-devel-windows-x86_64 | 0.2.5 | 40.00 | 224.00 | 264.00 | OK | |
r-patched-linux-x86_64 | 0.2.5 | 9.44 | 145.25 | 154.69 | OK | |
r-release-linux-x86_64 | 0.2.5 | 7.75 | 145.23 | 152.98 | OK | |
r-release-macos-arm64 | 0.2.5 | 89.00 | NOTE | |||
r-release-macos-x86_64 | 0.2.5 | 109.00 | NOTE | |||
r-release-windows-x86_64 | 0.2.5 | 48.00 | 199.00 | 247.00 | OK | |
r-oldrel-macos-arm64 | 0.2.5 | 84.00 | NOTE | |||
r-oldrel-macos-x86_64 | 0.2.5 | 110.00 | NOTE | |||
r-oldrel-windows-ix86+x86_64 | 0.2.5 | 21.00 | 201.00 | 222.00 | OK |
Version: 0.2.5
Check: dependencies in R code
Result: NOTE
Namespaces in Imports field not imported from:
‘DT’ ‘bslib’ ‘methods’ ‘rgdal’
All declared Imports should be used.
Flavors: r-devel-linux-x86_64-fedora-clang, r-devel-linux-x86_64-fedora-gcc, r-release-macos-arm64, r-release-macos-x86_64, r-oldrel-macos-arm64, r-oldrel-macos-x86_64