Last updated on 2024-03-28 09:51:36 CET.
Flavor | Version | Tinstall | Tcheck | Ttotal | Status | Flags |
---|---|---|---|---|---|---|
r-devel-linux-x86_64-debian-clang | 0.2.9 | 9.17 | 174.53 | 183.70 | OK | |
r-devel-linux-x86_64-debian-gcc | 0.2.9 | 7.31 | 126.88 | 134.19 | OK | |
r-devel-linux-x86_64-fedora-clang | 0.2.9 | 130.74 | NOTE | |||
r-devel-linux-x86_64-fedora-gcc | 0.2.9 | 237.29 | NOTE | |||
r-devel-windows-x86_64 | 0.2.9 | 9.00 | 143.00 | 152.00 | OK | |
r-patched-linux-x86_64 | 0.2.9 | 8.30 | 163.70 | 172.00 | OK | |
r-release-linux-x86_64 | 0.2.9 | 9.24 | 164.18 | 173.42 | OK | |
r-release-macos-arm64 | 0.2.9 | 86.00 | OK | |||
r-release-macos-x86_64 | 0.2.9 | 190.00 | OK | |||
r-release-windows-x86_64 | 0.2.9 | 13.00 | 183.00 | 196.00 | OK | |
r-oldrel-macos-arm64 | 0.2.9 | 86.00 | OK | |||
r-oldrel-windows-x86_64 | 0.2.9 | 15.00 | 191.00 | 206.00 | OK |
Version: 0.2.9
Check: dependencies in R code
Result: NOTE
Namespace in Imports field not imported from: ‘methods’
All declared Imports should be used.
Flavors: r-devel-linux-x86_64-fedora-clang, r-devel-linux-x86_64-fedora-gcc