Last updated on 2024-07-17 12:40:18 CEST.
Flavor | Version | Tinstall | Tcheck | Ttotal | Status | Flags |
---|---|---|---|---|---|---|
r-devel-linux-x86_64-debian-clang | 0.9 | 3.48 | 38.79 | 42.27 | OK | |
r-devel-linux-x86_64-debian-gcc | 0.9 | 2.80 | 30.57 | 33.37 | OK | |
r-devel-linux-x86_64-fedora-clang | 0.9 | 58.28 | NOTE | |||
r-devel-linux-x86_64-fedora-gcc | 0.9 | 53.39 | OK | |||
r-devel-windows-x86_64 | 0.9 | 4.00 | 50.00 | 54.00 | OK | |
r-patched-linux-x86_64 | 0.9 | 4.25 | 38.30 | 42.55 | OK | |
r-release-linux-x86_64 | 0.9 | 4.12 | 38.74 | 42.86 | OK | |
r-release-macos-arm64 | 0.9 | 50.00 | OK | |||
r-release-macos-x86_64 | 0.9 | 69.00 | OK | |||
r-release-windows-x86_64 | 0.9 | 3.00 | 52.00 | 55.00 | OK | |
r-oldrel-macos-arm64 | 0.9 | 30.00 | OK | |||
r-oldrel-macos-x86_64 | 0.9 | 58.00 | OK | |||
r-oldrel-windows-x86_64 | 0.9 | 5.00 | 52.00 | 57.00 | OK |
Version: 0.9
Check: Rd cross-references
Result: NOTE
Undeclared package ‘fields’ in Rd xrefs
Flavor: r-devel-linux-x86_64-fedora-clang