Last updated on 2022-07-04 12:54:03 CEST.
Flavor | Version | Tinstall | Tcheck | Ttotal | Status | Flags |
---|---|---|---|---|---|---|
r-devel-linux-x86_64-debian-clang | 2.3.1 | 21.08 | 201.87 | 222.95 | OK | |
r-devel-linux-x86_64-debian-gcc | 2.3.1 | 18.29 | 151.17 | 169.46 | OK | |
r-devel-linux-x86_64-fedora-clang | 2.3.1 | 285.98 | NOTE | |||
r-devel-linux-x86_64-fedora-gcc | 2.3.1 | 271.04 | OK | |||
r-devel-windows-x86_64 | 2.3.1 | 73.00 | 261.00 | 334.00 | NOTE | |
r-patched-linux-x86_64 | 2.3.1 | 21.45 | 196.04 | 217.49 | OK | |
r-release-linux-x86_64 | 2.3.1 | 17.74 | 192.73 | 210.47 | OK | |
r-release-macos-arm64 | 2.3.1 | 77.00 | NOTE | |||
r-release-macos-x86_64 | 2.3.1 | 106.00 | NOTE | |||
r-release-windows-x86_64 | 2.3.1 | 65.00 | 255.00 | 320.00 | NOTE | |
r-oldrel-macos-arm64 | 2.3.1 | 70.00 | NOTE | |||
r-oldrel-macos-x86_64 | 2.3.1 | 105.00 | NOTE | |||
r-oldrel-windows-ix86+x86_64 | 2.3.1 | 37.00 | 241.00 | 278.00 | NOTE |
Version: 2.3.1
Check: installed package size
Result: NOTE
installed size is 6.8Mb
sub-directories of 1Mb or more:
extdata 5.4Mb
Flavors: r-devel-linux-x86_64-fedora-clang, r-devel-windows-x86_64, r-release-macos-arm64, r-release-macos-x86_64, r-release-windows-x86_64, r-oldrel-macos-arm64, r-oldrel-macos-x86_64, r-oldrel-windows-ix86+x86_64