CRAN Package Check Results for Package appler

Last updated on 2024-04-14 12:00:48 CEST.

Flavor Version Tinstall Tcheck Ttotal Status Flags
r-devel-linux-x86_64-debian-clang 0.2.1 2.37 31.70 34.07 NOTE
r-devel-linux-x86_64-debian-gcc 0.2.1 1.99 24.41 26.40 NOTE
r-devel-linux-x86_64-fedora-clang 0.2.1 43.04 NOTE
r-devel-linux-x86_64-fedora-gcc 0.2.1 55.41 NOTE
r-devel-windows-x86_64 0.2.1 3.00 55.00 58.00 NOTE
r-patched-linux-x86_64 0.2.1 2.42 30.68 33.10 NOTE
r-release-linux-x86_64 0.2.1 2.44 28.99 31.43 OK
r-release-macos-arm64 0.2.1 30.00 OK
r-release-macos-x86_64 0.2.1 52.00 OK
r-release-windows-x86_64 0.2.1 4.00 51.00 55.00 OK
r-oldrel-macos-arm64 0.2.1 30.00 OK
r-oldrel-windows-x86_64 0.2.1 4.00 58.00 62.00 OK

Check Details

Version: 0.2.1
Check: Rd files
Result: NOTE checkRd: (-1) apple_apps.Rd:22: Lost braces; missing escapes or markup? 22 | with a corresponding ID that can be used in {appler} functions. | ^ checkRd: (-1) get_apple_reviews.Rd:38: Lost braces in \itemize; \value handles \item{}{} directly checkRd: (-1) get_apple_reviews.Rd:39: Lost braces in \itemize; \value handles \item{}{} directly checkRd: (-1) get_apple_reviews.Rd:40: Lost braces in \itemize; \value handles \item{}{} directly checkRd: (-1) get_apple_reviews.Rd:41: Lost braces in \itemize; \value handles \item{}{} directly checkRd: (-1) get_apple_reviews.Rd:42: Lost braces in \itemize; \value handles \item{}{} directly checkRd: (-1) get_apple_reviews.Rd:43: Lost braces in \itemize; \value handles \item{}{} directly checkRd: (-1) get_apple_reviews.Rd:44: Lost braces in \itemize; \value handles \item{}{} directly checkRd: (-1) itunes_artists.Rd:22: Lost braces; missing escapes or markup? 22 | a corresponding ID that can be used in {appler} functions. | ^ Flavors: r-devel-linux-x86_64-debian-clang, r-devel-linux-x86_64-debian-gcc, r-devel-linux-x86_64-fedora-clang, r-devel-linux-x86_64-fedora-gcc, r-devel-windows-x86_64, r-patched-linux-x86_64

Version: 0.2.1
Check: data for non-ASCII characters
Result: NOTE Note: found 1 marked UTF-8 string Flavors: r-devel-linux-x86_64-fedora-clang, r-devel-linux-x86_64-fedora-gcc