Last updated on 2022-06-30 11:53:01 CEST.
Flavor | Version | Tinstall | Tcheck | Ttotal | Status | Flags |
---|---|---|---|---|---|---|
r-devel-linux-x86_64-debian-clang | 0.2-1 | 78.42 | 203.98 | 282.40 | WARN | |
r-devel-linux-x86_64-debian-gcc | 0.2-1 | 63.77 | 151.10 | 214.87 | OK | |
r-devel-linux-x86_64-fedora-clang | 0.2-1 | 358.67 | WARN | |||
r-devel-linux-x86_64-fedora-gcc | 0.2-1 | 342.78 | OK | |||
r-devel-windows-x86_64 | 0.2-1 | 95.00 | 253.00 | 348.00 | OK | |
r-patched-linux-x86_64 | 0.2-1 | 76.68 | 193.81 | 270.49 | OK | |
r-release-linux-x86_64 | 0.2-1 | 65.71 | 191.54 | 257.25 | OK | |
r-release-macos-arm64 | 0.2-1 | 90.00 | OK | |||
r-release-macos-x86_64 | 0.2-1 | 121.00 | OK | |||
r-release-windows-x86_64 | 0.2-1 | 101.00 | 249.00 | 350.00 | OK | |
r-oldrel-macos-arm64 | 0.2-1 | 78.00 | OK | |||
r-oldrel-macos-x86_64 | 0.2-1 | 125.00 | OK | |||
r-oldrel-windows-ix86+x86_64 | 0.2-1 | 174.00 | 379.00 | 553.00 | OK |
Version: 0.2-1
Check: whether package can be installed
Result: WARN
Found the following significant warnings:
../inst/include/tree_meat.hpp:375:9: warning: use of bitwise '|' with boolean operands [-Wbitwise-instead-of-logical]
Flavors: r-devel-linux-x86_64-debian-clang, r-devel-linux-x86_64-fedora-clang