CRAN Package Check Results for Package aphid

Last updated on 2022-06-25 10:52:57 CEST.

Flavor Version Tinstall Tcheck Ttotal Status Flags
r-devel-linux-x86_64-debian-clang 1.3.3 54.45 104.43 158.88 WARN
r-devel-linux-x86_64-debian-gcc 1.3.3 47.83 79.80 127.63 OK
r-devel-linux-x86_64-fedora-clang 1.3.3 222.60 WARN
r-devel-linux-x86_64-fedora-gcc 1.3.3 210.17 OK
r-devel-windows-x86_64 1.3.3 57.00 146.00 203.00 OK
r-patched-linux-x86_64 1.3.3 47.39 99.89 147.28 OK
r-release-linux-x86_64 1.3.3 45.60 103.78 149.38 OK
r-release-macos-arm64 1.3.3 55.00 OK
r-release-macos-x86_64 1.3.3 77.00 OK
r-release-windows-x86_64 1.3.3 60.00 148.00 208.00 OK
r-oldrel-macos-arm64 1.3.3 67.00 OK
r-oldrel-macos-x86_64 1.3.3 75.00 OK
r-oldrel-windows-ix86+x86_64 1.3.3 122.00 188.00 310.00 OK

Additional issues

clang14

Check Details

Version: 1.3.3
Check: whether package can be installed
Result: WARN
    Found the following significant warnings:
     ViterbiC.cpp:217:10: warning: use of bitwise '&' with boolean operands [-Wbitwise-instead-of-logical]
     ViterbiC.cpp:528:10: warning: use of bitwise '&' with boolean operands [-Wbitwise-instead-of-logical]
     ViterbiC.cpp:814:10: warning: use of bitwise '&' with boolean operands [-Wbitwise-instead-of-logical]
     ViterbiC.cpp:1104:10: warning: use of bitwise '&' with boolean operands [-Wbitwise-instead-of-logical]
     ViterbiC.cpp:1242:10: warning: use of bitwise '&' with boolean operands [-Wbitwise-instead-of-logical]
     utils.cpp:45:40: warning: use of bitwise '|' with boolean operands [-Wbitwise-instead-of-logical]
     utils.cpp:59:10: warning: use of bitwise '&' with boolean operands [-Wbitwise-instead-of-logical]
     utils.cpp:60:15: warning: use of bitwise '&' with boolean operands [-Wbitwise-instead-of-logical]
     utils.cpp:61:15: warning: use of bitwise '&' with boolean operands [-Wbitwise-instead-of-logical]
     utils.cpp:62:15: warning: use of bitwise '&' with boolean operands [-Wbitwise-instead-of-logical]
     utils.cpp:63:15: warning: use of bitwise '&' with boolean operands [-Wbitwise-instead-of-logical]
     utils.cpp:64:15: warning: use of bitwise '&' with boolean operands [-Wbitwise-instead-of-logical]
     utils.cpp:65:15: warning: use of bitwise '&' with boolean operands [-Wbitwise-instead-of-logical]
     utils.cpp:66:15: warning: use of bitwise '&' with boolean operands [-Wbitwise-instead-of-logical]
     utils.cpp:67:15: warning: use of bitwise '&' with boolean operands [-Wbitwise-instead-of-logical]
Flavors: r-devel-linux-x86_64-debian-clang, r-devel-linux-x86_64-fedora-clang