CRAN Package Check Results for Package apex

Last updated on 2022-06-27 11:50:37 CEST.

Flavor Version Tinstall Tcheck Ttotal Status Flags
r-devel-linux-x86_64-debian-clang 1.0.4 19.31 163.89 183.20 NOTE
r-devel-linux-x86_64-debian-gcc 1.0.4 17.43 120.76 138.19 NOTE
r-devel-linux-x86_64-fedora-clang 1.0.4 229.37 NOTE
r-devel-linux-x86_64-fedora-gcc 1.0.4 222.58 NOTE
r-devel-windows-x86_64 1.0.4 40.00 187.00 227.00 NOTE
r-patched-linux-x86_64 1.0.4 25.59 154.02 179.61 NOTE
r-release-linux-x86_64 1.0.4 15.81 153.57 169.38 NOTE
r-release-macos-arm64 1.0.4 57.00 NOTE
r-release-macos-x86_64 1.0.4 89.00 NOTE
r-release-windows-x86_64 1.0.4 37.00 186.00 223.00 NOTE
r-oldrel-macos-arm64 1.0.4 91.00 NOTE
r-oldrel-macos-x86_64 1.0.4 154.00 NOTE
r-oldrel-windows-ix86+x86_64 1.0.4 44.00 186.00 230.00 NOTE

Check Details

Version: 1.0.4
Check: LazyData
Result: NOTE
     'LazyData' is specified without a 'data' directory
Flavors: r-devel-linux-x86_64-debian-clang, r-devel-linux-x86_64-debian-gcc, r-devel-linux-x86_64-fedora-clang, r-devel-linux-x86_64-fedora-gcc, r-devel-windows-x86_64, r-patched-linux-x86_64, r-release-linux-x86_64, r-release-macos-arm64, r-release-macos-x86_64, r-release-windows-x86_64, r-oldrel-macos-arm64, r-oldrel-macos-x86_64, r-oldrel-windows-ix86+x86_64