CRAN Package Check Results for Package apcf

Last updated on 2022-06-30 11:53:01 CEST.

Flavor Version Tinstall Tcheck Ttotal Status Flags
r-devel-linux-x86_64-debian-clang 0.2.0 46.77 42.10 88.87 OK
r-devel-linux-x86_64-debian-gcc 0.2.0 38.72 31.91 70.63 OK
r-devel-linux-x86_64-fedora-clang 0.2.0 143.20 OK
r-devel-linux-x86_64-fedora-gcc 0.2.0 128.21 OK
r-devel-windows-x86_64 0.2.0 222.00 116.00 338.00 OK
r-patched-linux-x86_64 0.2.0 47.82 40.16 87.98 OK
r-release-linux-x86_64 0.2.0 37.99 41.19 79.18 OK
r-release-macos-arm64 0.2.0 45.00 OK
r-release-macos-x86_64 0.2.0 57.00 OK
r-release-windows-x86_64 0.2.0 179.00 120.00 299.00 OK
r-oldrel-macos-arm64 0.2.0 42.00 OK
r-oldrel-macos-x86_64 0.2.0 61.00 NOTE
r-oldrel-windows-ix86+x86_64 0.2.0 122.00 108.00 230.00 NOTE

Check Details

Version: 0.2.0
Check: installed package size
Result: NOTE
     installed size is 33.6Mb
     sub-directories of 1Mb or more:
     libs 33.0Mb
Flavors: r-oldrel-macos-x86_64, r-oldrel-windows-ix86+x86_64