Last updated on 2024-04-18 12:52:37 CEST.
Flavor | Version | Tinstall | Tcheck | Ttotal | Status | Flags |
---|---|---|---|---|---|---|
r-devel-linux-x86_64-debian-clang | 2.0.0 | 21.47 | 521.20 | 542.67 | NOTE | |
r-devel-linux-x86_64-debian-gcc | 2.0.0 | 17.79 | 435.78 | 453.57 | NOTE | |
r-devel-linux-x86_64-fedora-clang | 2.0.0 | 664.33 | NOTE | |||
r-devel-linux-x86_64-fedora-gcc | 2.0.0 | 748.81 | NOTE | |||
r-prerel-macos-arm64 | 2.0.0 | 223.00 | NOTE | |||
r-prerel-windows-x86_64 | 2.0.0 | 20.00 | 459.00 | 479.00 | NOTE | |
r-patched-linux-x86_64 | 2.0.0 | 28.13 | 566.99 | 595.12 | NOTE | |
r-release-linux-x86_64 | 2.0.0 | 18.95 | 562.99 | 581.94 | OK | |
r-release-macos-arm64 | 2.0.0 | 439.00 | OK | |||
r-release-macos-x86_64 | 2.0.0 | 724.00 | OK | |||
r-release-windows-x86_64 | 2.0.0 | 25.00 | 617.00 | 642.00 | OK | |
r-oldrel-macos-arm64 | 2.0.0 | 355.00 | NOTE | |||
r-oldrel-windows-x86_64 | 2.0.0 | 26.00 | 625.00 | 651.00 | OK |
Version: 2.0.0
Check: Rd files
Result: NOTE
checkRd: (-1) apc.indiv.est.model.Rd:142: Lost braces
142 | For model testing: \code{\link{apc.indiv.model.table}}, code{\link{apc.indiv.compare.direct}}, \code{\link{waldtest}}, \code{\link{linearHypothesis}}
| ^
Flavors: r-devel-linux-x86_64-debian-clang, r-devel-linux-x86_64-debian-gcc, r-devel-linux-x86_64-fedora-clang, r-devel-linux-x86_64-fedora-gcc, r-prerel-macos-arm64, r-prerel-windows-x86_64, r-patched-linux-x86_64
Version: 2.0.0
Check: dependencies in R code
Result: NOTE
Namespaces in Imports field not imported from:
‘AER’ ‘ChainLadder’ ‘ISLR’ ‘ggplot2’
All declared Imports should be used.
Flavors: r-devel-linux-x86_64-fedora-clang, r-devel-linux-x86_64-fedora-gcc, r-oldrel-macos-arm64