CRAN Package Check Results for Package apa

Last updated on 2022-06-30 11:53:01 CEST.

Flavor Version Tinstall Tcheck Ttotal Status Flags
r-devel-linux-x86_64-debian-clang 0.3.3 6.28 73.84 80.12 NOTE
r-devel-linux-x86_64-debian-gcc 0.3.3 4.87 53.95 58.82 NOTE
r-devel-linux-x86_64-fedora-clang 0.3.3 105.59 NOTE
r-devel-linux-x86_64-fedora-gcc 0.3.3 101.54 NOTE
r-devel-windows-x86_64 0.3.3 19.00 96.00 115.00 NOTE
r-patched-linux-x86_64 0.3.3 7.28 68.26 75.54 NOTE
r-release-linux-x86_64 0.3.3 5.42 66.95 72.37 NOTE
r-release-macos-arm64 0.3.3 31.00 NOTE
r-release-macos-x86_64 0.3.3 57.00 NOTE
r-release-windows-x86_64 0.3.3 21.00 96.00 117.00 NOTE
r-oldrel-macos-arm64 0.3.3 32.00 NOTE
r-oldrel-macos-x86_64 0.3.3 54.00 NOTE
r-oldrel-windows-ix86+x86_64 0.3.3 18.00 93.00 111.00 NOTE

Check Details

Version: 0.3.3
Check: LazyData
Result: NOTE
     'LazyData' is specified without a 'data' directory
Flavors: r-devel-linux-x86_64-debian-clang, r-devel-linux-x86_64-debian-gcc, r-devel-linux-x86_64-fedora-clang, r-devel-linux-x86_64-fedora-gcc, r-devel-windows-x86_64, r-patched-linux-x86_64, r-release-linux-x86_64, r-release-macos-arm64, r-release-macos-x86_64, r-release-windows-x86_64, r-oldrel-macos-arm64, r-oldrel-macos-x86_64, r-oldrel-windows-ix86+x86_64