Last updated on 2023-01-28 12:56:05 CET.
Flavor | Version | Tinstall | Tcheck | Ttotal | Status | Flags |
---|---|---|---|---|---|---|
r-devel-linux-x86_64-debian-clang | 0.1.0 | 4.47 | 31.37 | 35.84 | NOTE | |
r-devel-linux-x86_64-debian-gcc | 0.1.0 | 3.63 | 24.64 | 28.27 | NOTE | |
r-devel-linux-x86_64-fedora-clang | 0.1.0 | 50.60 | NOTE | |||
r-devel-linux-x86_64-fedora-gcc | 0.1.0 | 44.71 | NOTE | |||
r-devel-windows-x86_64 | 0.1.0 | 17.00 | 57.00 | 74.00 | NOTE | |
r-patched-linux-x86_64 | 0.1.0 | 3.60 | 31.04 | 34.64 | NOTE | |
r-release-linux-x86_64 | 0.1.0 | 2.87 | 31.77 | 34.64 | NOTE | |
r-release-macos-arm64 | 0.1.0 | 18.00 | NOTE | |||
r-release-macos-x86_64 | 0.1.0 | 28.00 | NOTE | |||
r-release-windows-x86_64 | 0.1.0 | 14.00 | 57.00 | 71.00 | NOTE | |
r-oldrel-macos-arm64 | 0.1.0 | 23.00 | NOTE | |||
r-oldrel-macos-x86_64 | 0.1.0 | 32.00 | NOTE | |||
r-oldrel-windows-ix86+x86_64 | 0.1.0 | 9.00 | 55.00 | 64.00 | NOTE |
Version: 0.1.0
Check: LazyData
Result: NOTE
'LazyData' is specified without a 'data' directory
Flavors: r-devel-linux-x86_64-debian-clang, r-devel-linux-x86_64-debian-gcc, r-devel-linux-x86_64-fedora-clang, r-devel-linux-x86_64-fedora-gcc, r-devel-windows-x86_64, r-patched-linux-x86_64, r-release-linux-x86_64, r-release-macos-arm64, r-release-macos-x86_64, r-release-windows-x86_64, r-oldrel-macos-arm64, r-oldrel-macos-x86_64, r-oldrel-windows-ix86+x86_64
Version: 0.1.0
Check: dependencies in R code
Result: NOTE
Namespace in Imports field not imported from: ‘R6’
All declared Imports should be used.
Flavors: r-devel-linux-x86_64-fedora-clang, r-devel-linux-x86_64-fedora-gcc, r-release-macos-arm64, r-release-macos-x86_64, r-oldrel-macos-arm64, r-oldrel-macos-x86_64