Last updated on 2022-07-04 12:54:03 CEST.
Flavor | Version | Tinstall | Tcheck | Ttotal | Status | Flags |
---|---|---|---|---|---|---|
r-devel-linux-x86_64-debian-clang | 0.17 | 46.30 | 523.01 | 569.31 | OK | |
r-devel-linux-x86_64-debian-gcc | 0.17 | 39.68 | 444.47 | 484.15 | OK | |
r-devel-linux-x86_64-fedora-clang | 0.17 | 615.92 | OK | |||
r-devel-linux-x86_64-fedora-gcc | 0.17 | 617.79 | OK | |||
r-devel-windows-x86_64 | 0.17 | 90.00 | 483.00 | 573.00 | OK | |
r-patched-linux-x86_64 | 0.17 | 53.65 | 485.29 | 538.94 | OK | |
r-release-linux-x86_64 | 0.17 | 30.55 | 492.70 | 523.25 | OK | |
r-release-macos-arm64 | 0.17 | 163.00 | ERROR | |||
r-release-macos-x86_64 | 0.17 | 233.00 | OK | |||
r-release-windows-x86_64 | 0.17 | 106.00 | 487.00 | 593.00 | OK | |
r-oldrel-macos-arm64 | 0.17 | 174.00 | ERROR | |||
r-oldrel-macos-x86_64 | 0.17 | 179.00 | OK | |||
r-oldrel-windows-ix86+x86_64 | 0.17 | 116.00 | 531.00 | 647.00 | OK |
Version: 0.17
Check: tests
Result: ERROR
Running ‘testthat.R’ [22s/26s]
Running the tests in ‘tests/testthat.R’ failed.
Last 13 lines of output:
`expected` is a logical vector (TRUE)
── Failure (test-prodStack.R:456:3): prodStack must work with refStudy, if interactive is set to TRUE and if x is a list of antaresDataList and refStudy an antaresDataList , ──
isTRUE(...) is not TRUE
`actual`: FALSE
`expected`: TRUE
── Failure (test-prodStack.R:470:3): prodStack must work with refStudy, if interactive is set to TRUE and if x is a list of antaresDataList and refStudy an antaresDataList , ──
all.equal(...) is not TRUE
`actual` is a character vector ('Mean absolute difference: 2500')
`expected` is a logical vector (TRUE)
[ FAIL 12 | WARN 1 | SKIP 13 | PASS 290 ]
Error: Test failures
Execution halted
Flavors: r-release-macos-arm64, r-oldrel-macos-arm64