CRAN Package Check Results for Package antaresProcessing

Last updated on 2022-06-27 11:50:37 CEST.

Flavor Version Tinstall Tcheck Ttotal Status Flags
r-devel-linux-x86_64-debian-clang 0.18.1 7.07 141.53 148.60 OK
r-devel-linux-x86_64-debian-gcc 0.18.1 5.69 111.14 116.83 OK
r-devel-linux-x86_64-fedora-clang 0.18.1 160.17 OK
r-devel-linux-x86_64-fedora-gcc 0.18.1 153.60 OK
r-devel-windows-x86_64 0.18.1 72.00 160.00 232.00 OK
r-patched-linux-x86_64 0.18.1 12.11 125.61 137.72 OK
r-release-linux-x86_64 0.18.1 7.24 121.66 128.90 OK
r-release-macos-arm64 0.18.1 42.00 NOTE
r-release-macos-x86_64 0.18.1 95.00 OK
r-release-windows-x86_64 0.18.1 96.00 147.00 243.00 OK
r-oldrel-macos-arm64 0.18.1 42.00 OK
r-oldrel-macos-x86_64 0.18.1 57.00 OK
r-oldrel-windows-ix86+x86_64 0.18.1 19.00 151.00 170.00 OK

Check Details

Version: 0.18.1
Check: package dependencies
Result: NOTE
    Package suggested but not available for checking: ‘rhdf5’
Flavor: r-release-macos-arm64