CRAN Package Check Results for Package aniview

Last updated on 2022-06-27 11:50:37 CEST.

Flavor Version Tinstall Tcheck Ttotal Status Flags
r-devel-linux-x86_64-debian-clang 0.1.0 1.73 28.68 30.41 NOTE
r-devel-linux-x86_64-debian-gcc 0.1.0 1.70 22.36 24.06 NOTE
r-devel-linux-x86_64-fedora-clang 0.1.0 48.06 NOTE
r-devel-linux-x86_64-fedora-gcc 0.1.0 47.20 NOTE
r-devel-windows-x86_64 0.1.0 11.00 60.00 71.00 NOTE
r-patched-linux-x86_64 0.1.0 2.50 27.74 30.24 NOTE
r-release-linux-x86_64 0.1.0 1.91 27.82 29.73 NOTE
r-release-macos-arm64 0.1.0 21.00 NOTE
r-release-macos-x86_64 0.1.0 25.00 NOTE
r-release-windows-x86_64 0.1.0 16.00 60.00 76.00 NOTE
r-oldrel-macos-arm64 0.1.0 20.00 NOTE
r-oldrel-macos-x86_64 0.1.0 31.00 NOTE
r-oldrel-windows-ix86+x86_64 0.1.0 8.00 48.00 56.00 NOTE

Check Details

Version: 0.1.0
Check: LazyData
Result: NOTE
     'LazyData' is specified without a 'data' directory
Flavors: r-devel-linux-x86_64-debian-clang, r-devel-linux-x86_64-debian-gcc, r-devel-linux-x86_64-fedora-clang, r-devel-linux-x86_64-fedora-gcc, r-devel-windows-x86_64, r-patched-linux-x86_64, r-release-linux-x86_64, r-release-macos-arm64, r-release-macos-x86_64, r-release-windows-x86_64, r-oldrel-macos-arm64, r-oldrel-macos-x86_64, r-oldrel-windows-ix86+x86_64