Last updated on 2024-08-31 11:49:22 CEST.
Flavor | Version | Tinstall | Tcheck | Ttotal | Status | Flags |
---|---|---|---|---|---|---|
r-devel-linux-x86_64-debian-clang | 2024.1.24 | 21.22 | 262.05 | 283.27 | NOTE | |
r-devel-linux-x86_64-debian-gcc | 2024.1.24 | 12.38 | 169.28 | 181.66 | NOTE | |
r-devel-linux-x86_64-fedora-clang | 2024.1.24 | 334.72 | NOTE | |||
r-devel-linux-x86_64-fedora-gcc | 2024.1.24 | 449.52 | NOTE | |||
r-devel-windows-x86_64 | 2024.1.24 | 24.00 | 280.00 | 304.00 | NOTE | |
r-patched-linux-x86_64 | 2024.1.24 | 26.50 | 244.76 | 271.26 | NOTE | |
r-release-linux-x86_64 | 2024.1.24 | 18.98 | 243.30 | 262.28 | NOTE | |
r-release-macos-arm64 | 2024.1.24 | 110.00 | OK | |||
r-release-macos-x86_64 | 2024.1.24 | 184.00 | OK | |||
r-release-windows-x86_64 | 2024.1.24 | 25.00 | 298.00 | 323.00 | NOTE | |
r-oldrel-macos-arm64 | 2024.1.24 | 116.00 | OK | |||
r-oldrel-macos-x86_64 | 2024.1.24 | 260.00 | OK | |||
r-oldrel-windows-x86_64 | 2024.1.24 | 31.00 | 361.00 | 392.00 | OK |
Version: 2024.1.24
Check: Rd cross-references
Result: NOTE
Found the following Rd file(s) with Rd \link{} targets missing package
anchors:
ggplot_gtable.Rd: gtable
Please provide package anchors for all Rd \link{} targets not in the
package itself and the base packages.
Flavors: r-devel-linux-x86_64-debian-clang, r-devel-linux-x86_64-debian-gcc, r-devel-windows-x86_64
Version: 2024.1.24
Check: HTML version of manual
Result: NOTE
Found the following HTML validation problems:
stat_unique.html:110:1 (stat_unique.Rd:65): Warning: trimming empty <li>
stat_unique.html:109:1 (stat_unique.Rd:65): Warning: trimming empty <ul>
Flavors: r-devel-linux-x86_64-debian-clang, r-devel-linux-x86_64-debian-gcc, r-devel-linux-x86_64-fedora-clang, r-devel-linux-x86_64-fedora-gcc, r-devel-windows-x86_64, r-patched-linux-x86_64, r-release-linux-x86_64, r-release-windows-x86_64