Last updated on 2024-03-28 09:51:36 CET.
Flavor | Version | Tinstall | Tcheck | Ttotal | Status | Flags |
---|---|---|---|---|---|---|
r-devel-linux-x86_64-debian-clang | 2024.1.24 | 27.52 | 344.64 | 372.16 | NOTE | |
r-devel-linux-x86_64-debian-gcc | 2024.1.24 | 18.44 | 249.31 | 267.75 | NOTE | |
r-devel-linux-x86_64-fedora-clang | 2024.1.24 | 471.30 | NOTE | |||
r-devel-linux-x86_64-fedora-gcc | 2024.1.24 | 448.12 | NOTE | |||
r-devel-windows-x86_64 | 2024.1.24 | 22.00 | 288.00 | 310.00 | NOTE | |
r-patched-linux-x86_64 | 2024.1.24 | 36.39 | 321.99 | 358.38 | NOTE | |
r-release-linux-x86_64 | 2024.1.24 | 21.06 | 325.67 | 346.73 | OK | |
r-release-macos-arm64 | 2024.1.24 | 116.00 | OK | |||
r-release-macos-x86_64 | 2024.1.24 | 260.00 | OK | |||
r-release-windows-x86_64 | 2024.1.24 | 31.00 | 368.00 | 399.00 | OK | |
r-oldrel-macos-arm64 | 2024.1.24 | 115.00 | OK | |||
r-oldrel-windows-x86_64 | 2024.1.24 | 31.00 | 342.00 | 373.00 | OK |
Version: 2024.1.24
Check: HTML version of manual
Result: NOTE
Found the following HTML validation problems:
stat_unique.html:110:1 (stat_unique.Rd:65): Warning: trimming empty <li>
stat_unique.html:109:1 (stat_unique.Rd:65): Warning: trimming empty <ul>
Flavors: r-devel-linux-x86_64-debian-clang, r-devel-linux-x86_64-debian-gcc, r-devel-linux-x86_64-fedora-clang, r-devel-linux-x86_64-fedora-gcc, r-devel-windows-x86_64, r-patched-linux-x86_64