Last updated on 2024-03-28 09:51:36 CET.
Flavor | Version | Tinstall | Tcheck | Ttotal | Status | Flags |
---|---|---|---|---|---|---|
r-devel-linux-x86_64-debian-clang | 1.2 | 38.37 | 226.15 | 264.52 | NOTE | |
r-devel-linux-x86_64-debian-gcc | 1.2 | 31.99 | 162.94 | 194.93 | NOTE | |
r-devel-linux-x86_64-fedora-clang | 1.2 | 324.07 | NOTE | |||
r-devel-linux-x86_64-fedora-gcc | 1.2 | 305.52 | NOTE | |||
r-devel-windows-x86_64 | 1.2 | 31.00 | 149.00 | 180.00 | NOTE | |
r-patched-linux-x86_64 | 1.2 | 40.06 | 218.69 | 258.75 | NOTE | |
r-release-linux-x86_64 | 1.2 | 38.41 | 222.24 | 260.65 | OK | |
r-release-macos-arm64 | 1.2 | 79.00 | OK | |||
r-release-macos-x86_64 | 1.2 | 225.00 | OK | |||
r-release-windows-x86_64 | 1.2 | 43.00 | 196.00 | 239.00 | OK | |
r-oldrel-macos-arm64 | 1.2 | 84.00 | OK | |||
r-oldrel-windows-x86_64 | 1.2 | 41.00 | 202.00 | 243.00 | OK |
Version: 1.2
Check: Rd files
Result: NOTE
checkRd: (-1) EKF_1d_interp_joint.Rd:55: Lost braces; missing escapes or markup?
55 | Prior 1x1 covariance matrix for predicting x_t from x_{t-1}.
| ^
checkRd: (-1) EKF_interp_joint.Rd:65: Lost braces; missing escapes or markup?
65 | Prior 2x2 covariance matrix for predicting x_t from x_{t-1}.
| ^
Flavors: r-devel-linux-x86_64-debian-clang, r-devel-linux-x86_64-debian-gcc, r-devel-linux-x86_64-fedora-clang, r-devel-linux-x86_64-fedora-gcc, r-devel-windows-x86_64, r-patched-linux-x86_64