Last updated on 2024-04-17 10:41:30 CEST.
Flavor | Version | Tinstall | Tcheck | Ttotal | Status | Flags |
---|---|---|---|---|---|---|
r-devel-linux-x86_64-debian-clang | 0.1.5 | 3.94 | 27.42 | 31.36 | OK | |
r-devel-linux-x86_64-debian-gcc | 0.1.5 | 2.81 | 21.72 | 24.53 | OK | |
r-devel-linux-x86_64-fedora-clang | 0.1.5 | 38.18 | NOTE | |||
r-devel-linux-x86_64-fedora-gcc | 0.1.5 | 36.31 | NOTE | |||
r-prerel-macos-arm64 | 0.1.5 | 19.00 | OK | |||
r-prerel-windows-x86_64 | 0.1.5 | 7.00 | 44.00 | 51.00 | OK | |
r-patched-linux-x86_64 | 0.1.5 | 3.64 | 27.34 | 30.98 | OK | |
r-release-linux-x86_64 | 0.1.5 | 3.57 | 27.03 | 30.60 | OK | |
r-release-macos-arm64 | 0.1.5 | 18.00 | OK | |||
r-release-macos-x86_64 | 0.1.5 | 42.00 | OK | |||
r-release-windows-x86_64 | 0.1.5 | 9.00 | 46.00 | 55.00 | OK | |
r-oldrel-macos-arm64 | 0.1.5 | 21.00 | OK | |||
r-oldrel-windows-x86_64 | 0.1.5 | 8.00 | 50.00 | 58.00 | OK |
Version: 0.1.5
Check: data for non-ASCII characters
Result: NOTE
Note: found 237 marked UTF-8 strings
Flavors: r-devel-linux-x86_64-fedora-clang, r-devel-linux-x86_64-fedora-gcc