Last updated on 2022-07-01 11:51:54 CEST.
Flavor | Version | Tinstall | Tcheck | Ttotal | Status | Flags |
---|---|---|---|---|---|---|
r-devel-linux-x86_64-debian-clang | 1.0.2 | 12.47 | 106.20 | 118.67 | NOTE | |
r-devel-linux-x86_64-debian-gcc | 1.0.2 | 10.36 | 78.83 | 89.19 | NOTE | |
r-devel-linux-x86_64-fedora-clang | 1.0.2 | 148.28 | NOTE | |||
r-devel-linux-x86_64-fedora-gcc | 1.0.2 | 146.63 | NOTE | |||
r-devel-windows-x86_64 | 1.0.2 | 407.00 | 179.00 | 586.00 | NOTE | |
r-patched-linux-x86_64 | 1.0.2 | 13.37 | 98.47 | 111.84 | NOTE | |
r-release-linux-x86_64 | 1.0.2 | 9.86 | 100.03 | 109.89 | NOTE | |
r-release-macos-arm64 | 1.0.2 | 50.00 | NOTE | |||
r-release-macos-x86_64 | 1.0.2 | 68.00 | NOTE | |||
r-release-windows-x86_64 | 1.0.2 | 592.00 | 172.00 | 764.00 | NOTE | |
r-oldrel-macos-arm64 | 1.0.2 | 71.00 | NOTE | |||
r-oldrel-macos-x86_64 | 1.0.2 | 112.00 | NOTE | |||
r-oldrel-windows-ix86+x86_64 | 1.0.2 | 25.00 | 140.00 | 165.00 | NOTE |
Version: 1.0.2
Check: package dependencies
Result: NOTE
Package which this enhances but not available for checking: 'SparkR'
Flavors: r-devel-linux-x86_64-debian-clang, r-devel-linux-x86_64-debian-gcc, r-devel-linux-x86_64-fedora-clang, r-devel-linux-x86_64-fedora-gcc, r-devel-windows-x86_64, r-patched-linux-x86_64, r-release-linux-x86_64, r-release-macos-arm64, r-release-macos-x86_64, r-release-windows-x86_64, r-oldrel-macos-x86_64
Version: 1.0.2
Check: LazyData
Result: NOTE
'LazyData' is specified without a 'data' directory
Flavors: r-devel-linux-x86_64-debian-clang, r-devel-linux-x86_64-debian-gcc, r-devel-linux-x86_64-fedora-clang, r-devel-linux-x86_64-fedora-gcc, r-devel-windows-x86_64, r-patched-linux-x86_64, r-release-linux-x86_64, r-release-macos-arm64, r-release-macos-x86_64, r-release-windows-x86_64, r-oldrel-macos-arm64, r-oldrel-macos-x86_64, r-oldrel-windows-ix86+x86_64