CRAN Package Check Results for Package anMC

Last updated on 2022-07-04 12:54:03 CEST.

Flavor Version Tinstall Tcheck Ttotal Status Flags
r-devel-linux-x86_64-debian-clang 0.2.2 37.85 35.83 73.68 NOTE
r-devel-linux-x86_64-debian-gcc 0.2.2 31.70 27.84 59.54 NOTE
r-devel-linux-x86_64-fedora-clang 0.2.2 117.09 NOTE
r-devel-linux-x86_64-fedora-gcc 0.2.2 107.36 NOTE
r-devel-windows-x86_64 0.2.2 39.00 79.00 118.00 NOTE
r-patched-linux-x86_64 0.2.2 33.14 34.84 67.98 NOTE
r-release-linux-x86_64 0.2.2 31.51 35.08 66.59 NOTE
r-release-macos-arm64 0.2.2 30.00 NOTE
r-release-macos-x86_64 0.2.2 47.00 NOTE
r-release-windows-x86_64 0.2.2 36.00 80.00 116.00 NOTE
r-oldrel-macos-arm64 0.2.2 32.00 NOTE
r-oldrel-macos-x86_64 0.2.2 59.00 NOTE
r-oldrel-windows-ix86+x86_64 0.2.2 99.00 85.00 184.00 NOTE

Check Details

Version: 0.2.2
Check: package dependencies
Result: NOTE
    Package suggested but not available for checking: 'tmg'
Flavors: r-devel-linux-x86_64-debian-clang, r-devel-linux-x86_64-debian-gcc, r-devel-linux-x86_64-fedora-clang, r-devel-linux-x86_64-fedora-gcc, r-devel-windows-x86_64, r-patched-linux-x86_64, r-release-linux-x86_64, r-release-macos-arm64, r-release-macos-x86_64, r-release-windows-x86_64

Version: 0.2.2
Check: LazyData
Result: NOTE
     'LazyData' is specified without a 'data' directory
Flavors: r-devel-linux-x86_64-debian-clang, r-devel-linux-x86_64-debian-gcc, r-devel-linux-x86_64-fedora-clang, r-devel-linux-x86_64-fedora-gcc, r-devel-windows-x86_64, r-patched-linux-x86_64, r-release-linux-x86_64, r-release-macos-arm64, r-release-macos-x86_64, r-release-windows-x86_64, r-oldrel-macos-arm64, r-oldrel-macos-x86_64, r-oldrel-windows-ix86+x86_64