CRAN Package Check Results for Package anMC

Last updated on 2024-04-23 10:53:56 CEST.

Flavor Version Tinstall Tcheck Ttotal Status Flags
r-devel-linux-x86_64-debian-clang 0.2.5 40.46 37.44 77.90 NOTE
r-devel-linux-x86_64-debian-gcc 0.2.5 32.96 28.14 61.10 NOTE
r-devel-linux-x86_64-fedora-clang 0.2.5 113.76 NOTE
r-devel-linux-x86_64-fedora-gcc 0.2.5 111.99 NOTE
r-prerel-macos-arm64 0.2.5 30.00 NOTE
r-prerel-windows-x86_64 0.2.5 34.00 69.00 103.00 NOTE
r-patched-linux-x86_64 0.2.5 44.38 35.41 79.79 NOTE
r-release-linux-x86_64 0.2.5 41.45 36.09 77.54 OK
r-release-macos-arm64 0.2.5 33.00 OK
r-release-macos-x86_64 0.2.5 77.00 OK
r-release-windows-x86_64 0.2.5 43.00 77.00 120.00 OK
r-oldrel-macos-arm64 0.2.5 36.00 OK
r-oldrel-windows-x86_64 0.2.5 42.00 79.00 121.00 OK

Check Details

Version: 0.2.5
Check: Rd files
Result: NOTE checkRd: (-1) ProbaMax.Rd:32: Lost braces; missing escapes or markup? 32 | \item{E}{discretization design for the field. If \code{NULL}, a simplex-lattice design {n,n} is used, with \code{n=length(mu)}. In this case the choice of method=4,5 are not advised.} | ^ checkRd: (-1) ProbaMax.Rd:71: Lost braces in \itemize; \value handles \item{}{} directly checkRd: (-1) ProbaMax.Rd:72: Lost braces in \itemize; \value handles \item{}{} directly checkRd: (-1) ProbaMax.Rd:73: Lost braces in \itemize; \value handles \item{}{} directly checkRd: (-1) ProbaMax.Rd:77: Lost braces in \itemize; \value handles \item{}{} directly checkRd: (-1) ProbaMax.Rd:78: Lost braces in \itemize; \value handles \item{}{} directly checkRd: (-1) ProbaMax.Rd:79: Lost braces in \itemize; \value handles \item{}{} directly checkRd: (-1) ProbaMax.Rd:80: Lost braces in \itemize; \value handles \item{}{} directly checkRd: (-1) ProbaMin.Rd:32: Lost braces; missing escapes or markup? 32 | \item{E}{discretization design for the field. If \code{NULL}, a simplex-lattice design {n,n} is used, with \code{n=length(mu)}. In this case the choice of method=4,5 are not advised.} | ^ checkRd: (-1) ProbaMin.Rd:71: Lost braces in \itemize; \value handles \item{}{} directly checkRd: (-1) ProbaMin.Rd:72: Lost braces in \itemize; \value handles \item{}{} directly checkRd: (-1) ProbaMin.Rd:73: Lost braces in \itemize; \value handles \item{}{} directly checkRd: (-1) ProbaMin.Rd:77: Lost braces in \itemize; \value handles \item{}{} directly checkRd: (-1) ProbaMin.Rd:78: Lost braces in \itemize; \value handles \item{}{} directly checkRd: (-1) ProbaMin.Rd:79: Lost braces in \itemize; \value handles \item{}{} directly checkRd: (-1) ProbaMin.Rd:80: Lost braces in \itemize; \value handles \item{}{} directly checkRd: (-1) selectQdims.Rd:57: Lost braces in \itemize; \value handles \item{}{} directly checkRd: (-1) selectQdims.Rd:58: Lost braces in \itemize; \value handles \item{}{} directly checkRd: (-1) selectQdims.Rd:59: Lost braces in \itemize; \value handles \item{}{} directly checkRd: (-1) selectQdims.Rd:60: Lost braces in \itemize; \value handles \item{}{} directly checkRd: (-1) selectQdims.Rd:61: Lost braces in \itemize; \value handles \item{}{} directly Flavors: r-devel-linux-x86_64-debian-clang, r-devel-linux-x86_64-debian-gcc, r-devel-linux-x86_64-fedora-clang, r-devel-linux-x86_64-fedora-gcc, r-prerel-macos-arm64, r-prerel-windows-x86_64, r-patched-linux-x86_64