CRAN Package Check Results for Package ampd

Last updated on 2025-02-10 11:49:10 CET.

Flavor Version Tinstall Tcheck Ttotal Status Flags
r-devel-linux-x86_64-debian-clang 0.2 1.57 16.36 17.93 OK
r-devel-linux-x86_64-debian-gcc 0.2 1.32 13.89 15.21 OK
r-devel-linux-x86_64-fedora-clang 0.2 29.11 OK
r-devel-linux-x86_64-fedora-gcc 0.2 26.87 OK
r-devel-windows-x86_64 0.2 3.00 35.00 38.00 OK
r-patched-linux-x86_64 0.2 1.74 15.65 17.39 NOTE
r-release-linux-x86_64 0.2 1.65 15.40 17.05 NOTE
r-release-macos-arm64 0.2 18.00 NOTE
r-release-macos-x86_64 0.2 19.00 NOTE
r-release-windows-x86_64 0.2 3.00 34.00 37.00 NOTE
r-oldrel-macos-arm64 0.2 15.00 NOTE
r-oldrel-macos-x86_64 0.2 18.00 NOTE
r-oldrel-windows-x86_64 0.2 2.00 33.00 35.00 NOTE

Check Details

Version: 0.2
Check: LazyData
Result: NOTE 'LazyData' is specified without a 'data' directory Flavors: r-patched-linux-x86_64, r-release-linux-x86_64, r-release-macos-arm64, r-release-macos-x86_64, r-release-windows-x86_64, r-oldrel-macos-arm64, r-oldrel-macos-x86_64, r-oldrel-windows-x86_64