CRAN Package Check Results for Package amerika

Last updated on 2022-12-07 11:52:56 CET.

Flavor Version Tinstall Tcheck Ttotal Status Flags
r-devel-linux-x86_64-debian-clang 0.1.0 2.06 20.51 22.57 NOTE
r-devel-linux-x86_64-debian-gcc 0.1.0 1.12 16.33 17.45 NOTE
r-devel-linux-x86_64-fedora-clang 0.1.0 39.40 NOTE
r-devel-linux-x86_64-fedora-gcc 0.1.0 37.37 NOTE
r-devel-windows-x86_64 0.1.0 10.00 48.00 58.00 NOTE
r-patched-linux-x86_64 0.1.0 1.39 20.25 21.64 NOTE
r-release-linux-x86_64 0.1.0 1.88 20.01 21.89 NOTE
r-release-macos-arm64 0.1.0 14.00 NOTE
r-release-macos-x86_64 0.1.0 19.00 NOTE
r-release-windows-x86_64 0.1.0 5.00 40.00 45.00 NOTE
r-oldrel-macos-arm64 0.1.0 25.00 NOTE
r-oldrel-macos-x86_64 0.1.0 25.00 NOTE
r-oldrel-windows-ix86+x86_64 0.1.0 5.00 31.00 36.00 NOTE

Check Details

Version: 0.1.0
Check: LazyData
Result: NOTE
     'LazyData' is specified without a 'data' directory
Flavors: r-devel-linux-x86_64-debian-clang, r-devel-linux-x86_64-debian-gcc, r-devel-linux-x86_64-fedora-clang, r-devel-linux-x86_64-fedora-gcc, r-devel-windows-x86_64, r-patched-linux-x86_64, r-release-linux-x86_64, r-release-macos-arm64, r-release-macos-x86_64, r-release-windows-x86_64, r-oldrel-macos-arm64, r-oldrel-macos-x86_64, r-oldrel-windows-ix86+x86_64