CRAN Package Check Results for Package amerika

Last updated on 2022-08-13 11:50:02 CEST.

Flavor Version Tinstall Tcheck Ttotal Status Flags
r-devel-linux-x86_64-debian-clang 0.1.0 1.56 20.31 21.87 NOTE
r-devel-linux-x86_64-debian-gcc 0.1.0 1.54 15.90 17.44 NOTE
r-devel-linux-x86_64-fedora-clang 0.1.0 37.29 NOTE
r-devel-linux-x86_64-fedora-gcc 0.1.0 36.60 NOTE
r-devel-windows-x86_64 0.1.0 10.00 41.00 51.00 NOTE
r-patched-linux-x86_64 0.1.0 1.78 19.65 21.43 NOTE
r-release-linux-x86_64 0.1.0 1.67 19.74 21.41 NOTE
r-release-macos-arm64 0.1.0 14.00 NOTE
r-release-macos-x86_64 0.1.0 19.00 NOTE
r-release-windows-x86_64 0.1.0 5.00 40.00 45.00 NOTE
r-oldrel-macos-arm64 0.1.0 25.00 NOTE
r-oldrel-macos-x86_64 0.1.0 25.00 NOTE
r-oldrel-windows-ix86+x86_64 0.1.0 5.00 31.00 36.00 NOTE

Check Details

Version: 0.1.0
Check: LazyData
Result: NOTE
     'LazyData' is specified without a 'data' directory
Flavors: r-devel-linux-x86_64-debian-clang, r-devel-linux-x86_64-debian-gcc, r-devel-linux-x86_64-fedora-clang, r-devel-linux-x86_64-fedora-gcc, r-devel-windows-x86_64, r-patched-linux-x86_64, r-release-linux-x86_64, r-release-macos-arm64, r-release-macos-x86_64, r-release-windows-x86_64, r-oldrel-macos-arm64, r-oldrel-macos-x86_64, r-oldrel-windows-ix86+x86_64