Last updated on 2025-02-10 11:49:10 CET.
Flavor | Version | Tinstall | Tcheck | Ttotal | Status | Flags |
---|---|---|---|---|---|---|
r-devel-linux-x86_64-debian-clang | 0.1.0 | 1.49 | 15.85 | 17.34 | OK | |
r-devel-linux-x86_64-debian-gcc | 0.1.0 | 1.35 | 13.10 | 14.45 | OK | |
r-devel-linux-x86_64-fedora-clang | 0.1.0 | 28.47 | OK | |||
r-devel-linux-x86_64-fedora-gcc | 0.1.0 | 26.20 | OK | |||
r-devel-windows-x86_64 | 0.1.0 | 2.00 | 35.00 | 37.00 | OK | |
r-patched-linux-x86_64 | 0.1.0 | 1.39 | 14.92 | 16.31 | NOTE | |
r-release-linux-x86_64 | 0.1.0 | 1.34 | 15.15 | 16.49 | NOTE | |
r-release-macos-arm64 | 0.1.0 | 22.00 | NOTE | |||
r-release-macos-x86_64 | 0.1.0 | 20.00 | NOTE | |||
r-release-windows-x86_64 | 0.1.0 | 3.00 | 35.00 | 38.00 | NOTE | |
r-oldrel-macos-arm64 | 0.1.0 | 15.00 | NOTE | |||
r-oldrel-macos-x86_64 | 0.1.0 | 19.00 | NOTE | |||
r-oldrel-windows-x86_64 | 0.1.0 | 3.00 | 35.00 | 38.00 | NOTE |
Version: 0.1.0
Check: LazyData
Result: NOTE
'LazyData' is specified without a 'data' directory
Flavors: r-patched-linux-x86_64, r-release-linux-x86_64, r-release-macos-arm64, r-release-macos-x86_64, r-release-windows-x86_64, r-oldrel-macos-arm64, r-oldrel-macos-x86_64, r-oldrel-windows-x86_64