Last updated on 2025-02-01 12:48:21 CET.
Flavor | Version | Tinstall | Tcheck | Ttotal | Status | Flags |
---|---|---|---|---|---|---|
r-devel-linux-x86_64-debian-clang | 1.0.0 | 3.50 | 48.37 | 51.87 | OK | |
r-devel-linux-x86_64-debian-gcc | 1.0.0 | 2.77 | 35.65 | 38.42 | OK | |
r-devel-linux-x86_64-fedora-clang | 1.0.0 | 84.25 | OK | |||
r-devel-linux-x86_64-fedora-gcc | 1.0.0 | 91.72 | OK | |||
r-devel-windows-x86_64 | 1.0.0 | 7.00 | 64.00 | 71.00 | ERROR | |
r-patched-linux-x86_64 | 1.0.0 | 3.73 | 44.97 | 48.70 | OK | |
r-release-linux-x86_64 | 1.0.0 | 3.90 | 44.88 | 48.78 | OK | |
r-release-macos-arm64 | 1.0.0 | 61.00 | OK | |||
r-release-macos-x86_64 | 1.0.0 | 78.00 | OK | |||
r-release-windows-x86_64 | 1.0.0 | 6.00 | 92.00 | 98.00 | OK | |
r-oldrel-macos-arm64 | 1.0.0 | 61.00 | OK | |||
r-oldrel-macos-x86_64 | 1.0.0 | 66.00 | OK | |||
r-oldrel-windows-x86_64 | 1.0.0 | 7.00 | 109.00 | 116.00 | OK |
Version: 1.0.0
Check: re-building of vignette outputs
Result: ERROR
Error(s) in re-building vignettes:
--- re-building 'data_import.Rmd' using rmarkdown
Quitting from lines 167-170 [unnamed-chunk-6] (data_import.Rmd)
Error: processing vignette 'data_import.Rmd' failed with diagnostics:
cannot open the connection to 'https://amfcdn.lbl.gov//api/v1/fp_var?limits=True'
--- failed re-building 'data_import.Rmd'
--- re-building 'site_selection.Rmd' using rmarkdown
Quitting from lines 47-53 [unnamed-chunk-2] (site_selection.Rmd)
Error: processing vignette 'site_selection.Rmd' failed with diagnostics:
cannot open the connection to 'https://amfcdn.lbl.gov//api/v1/site_display/AmeriFlux'
--- failed re-building 'site_selection.Rmd'
SUMMARY: processing the following files failed:
'data_import.Rmd' 'site_selection.Rmd'
Error: Vignette re-building failed.
Execution halted
Flavor: r-devel-windows-x86_64