CRAN Package Check Results for Package altadata

Last updated on 2025-02-01 12:48:21 CET.

Flavor Version Tinstall Tcheck Ttotal Status Flags
r-devel-linux-x86_64-debian-clang 0.1.1 1.54 17.47 19.01 OK
r-devel-linux-x86_64-debian-gcc 0.1.1 1.47 14.39 15.86 OK
r-devel-linux-x86_64-fedora-clang 0.1.1 31.22 OK
r-devel-linux-x86_64-fedora-gcc 0.1.1 29.18 OK
r-devel-windows-x86_64 0.1.1 3.00 47.00 50.00 OK
r-patched-linux-x86_64 0.1.1 1.74 16.53 18.27 NOTE
r-release-linux-x86_64 0.1.1 1.74 16.51 18.25 NOTE
r-release-macos-arm64 0.1.1 14.00 NOTE
r-release-macos-x86_64 0.1.1 18.00 NOTE
r-release-windows-x86_64 0.1.1 4.00 41.00 45.00 NOTE
r-oldrel-macos-arm64 0.1.1 16.00 NOTE
r-oldrel-macos-x86_64 0.1.1 21.00 NOTE
r-oldrel-windows-x86_64 0.1.1 4.00 41.00 45.00 NOTE

Check Details

Version: 0.1.1
Check: LazyData
Result: NOTE 'LazyData' is specified without a 'data' directory Flavors: r-patched-linux-x86_64, r-release-linux-x86_64, r-release-macos-arm64, r-release-macos-x86_64, r-release-windows-x86_64, r-oldrel-macos-arm64, r-oldrel-macos-x86_64, r-oldrel-windows-x86_64