Last updated on 2025-02-10 11:49:10 CET.
Flavor | Version | Tinstall | Tcheck | Ttotal | Status | Flags |
---|---|---|---|---|---|---|
r-devel-linux-x86_64-debian-clang | 1.0.1 | 2.18 | 26.94 | 29.12 | NOTE | |
r-devel-linux-x86_64-debian-gcc | 1.0.1 | 1.61 | 21.01 | 22.62 | NOTE | |
r-devel-linux-x86_64-fedora-clang | 1.0.1 | 48.07 | NOTE | |||
r-devel-linux-x86_64-fedora-gcc | 1.0.1 | 58.43 | NOTE | |||
r-devel-windows-x86_64 | 1.0.1 | 3.00 | 49.00 | 52.00 | NOTE | |
r-patched-linux-x86_64 | 1.0.1 | 4.52 | 25.50 | 30.02 | OK | |
r-release-linux-x86_64 | 1.0.1 | 2.04 | 25.55 | 27.59 | OK | |
r-release-macos-arm64 | 1.0.1 | 26.00 | OK | |||
r-release-macos-x86_64 | 1.0.1 | 35.00 | OK | |||
r-release-windows-x86_64 | 1.0.1 | 4.00 | 111.00 | 115.00 | OK | |
r-oldrel-macos-arm64 | 1.0.1 | 42.00 | OK | |||
r-oldrel-macos-x86_64 | 1.0.1 | 57.00 | OK | |||
r-oldrel-windows-x86_64 | 1.0.1 | 4.00 | 52.00 | 56.00 | OK |
Version: 1.0.1
Check: DESCRIPTION meta-information
Result: NOTE
Missing dependency on R >= 4.1.0 because package code uses the pipe
|> or function shorthand \(...) syntax added in R 4.1.0.
File(s) using such syntax:
‘inference.R’ ‘transformers.R’ ‘variance.R’
Flavors: r-devel-linux-x86_64-debian-clang, r-devel-linux-x86_64-debian-gcc, r-devel-linux-x86_64-fedora-clang, r-devel-linux-x86_64-fedora-gcc, r-devel-windows-x86_64
Version: 1.0.1
Check: Rd cross-references
Result: NOTE
Found the following Rd file(s) with Rd \link{} targets missing package
anchors:
alphaci.Rd: future.apply
Please provide package anchors for all Rd \link{} targets not in the
package itself and the base packages.
Flavors: r-devel-linux-x86_64-debian-clang, r-devel-linux-x86_64-debian-gcc, r-devel-windows-x86_64