Last updated on 2024-04-17 10:41:30 CEST.
Flavor | Version | Tinstall | Tcheck | Ttotal | Status | Flags |
---|---|---|---|---|---|---|
r-devel-linux-x86_64-debian-clang | 0.3 | 1.94 | 24.51 | 26.45 | OK | |
r-devel-linux-x86_64-debian-gcc | 0.3 | 1.37 | 18.66 | 20.03 | OK | |
r-devel-linux-x86_64-fedora-clang | 0.3 | 33.82 | NOTE | |||
r-devel-linux-x86_64-fedora-gcc | 0.3 | 31.88 | NOTE | |||
r-prerel-macos-arm64 | 0.3 | 15.00 | OK | |||
r-prerel-windows-x86_64 | 0.3 | 4.00 | 98.00 | 102.00 | OK | |
r-patched-linux-x86_64 | 0.3 | 1.91 | 23.79 | 25.70 | OK | |
r-release-linux-x86_64 | 0.3 | 1.74 | 22.88 | 24.62 | OK | |
r-release-macos-arm64 | 0.3 | 15.00 | OK | |||
r-release-macos-x86_64 | 0.3 | 33.00 | OK | |||
r-release-windows-x86_64 | 0.3 | 4.00 | 41.00 | 45.00 | OK | |
r-oldrel-macos-arm64 | 0.3 | 18.00 | OK | |||
r-oldrel-windows-x86_64 | 0.3 | 4.00 | 44.00 | 48.00 | OK |
Version: 0.3
Check: data for non-ASCII characters
Result: NOTE
Note: found 115 marked UTF-8 strings
Flavors: r-devel-linux-x86_64-fedora-clang, r-devel-linux-x86_64-fedora-gcc