Last updated on 2024-04-19 11:56:38 CEST.
Flavor | Version | Tinstall | Tcheck | Ttotal | Status | Flags |
---|---|---|---|---|---|---|
r-devel-linux-x86_64-debian-clang | 2.5.4 | 5.85 | 40.24 | 46.09 | OK | |
r-devel-linux-x86_64-debian-gcc | 2.5.4 | OK | ||||
r-devel-linux-x86_64-fedora-clang | 2.5.4 | 56.63 | OK | |||
r-devel-linux-x86_64-fedora-gcc | 2.5.4 | 56.75 | OK | |||
r-prerel-macos-arm64 | 2.5.4 | 19.00 | OK | |||
r-prerel-macos-x86_64 | 2.5.4 | 52.00 | OK | |||
r-prerel-windows-x86_64 | 2.5.4 | 5.00 | 50.00 | 55.00 | OK | |
r-patched-linux-x86_64 | 2.5.4 | 9.49 | 38.52 | 48.01 | OK | |
r-release-linux-x86_64 | 2.5.4 | 4.59 | 38.89 | 43.48 | OK | |
r-release-macos-arm64 | 2.5.4 | 24.00 | OK | |||
r-release-macos-x86_64 | 2.5.4 | 46.00 | OK | |||
r-release-windows-x86_64 | 2.5.4 | 7.00 | 58.00 | 65.00 | OK | |
r-oldrel-macos-arm64 | 2.5.4 | 25.00 | NOTE | |||
r-oldrel-windows-x86_64 | 2.5.4 | 10.00 | 59.00 | 69.00 | NOTE |
Version: 2.5.4
Check: S3 generic/method consistency
Result: NOTE
Found the following apparent S3 methods exported but not registered:
print.amAlleleFreq print.amDataset
See section ‘Registering S3 methods’ in the ‘Writing R Extensions’
manual.
Flavors: r-oldrel-macos-arm64, r-oldrel-windows-x86_64