Last updated on 2024-04-23 10:53:56 CEST.
Flavor | Version | Tinstall | Tcheck | Ttotal | Status | Flags |
---|---|---|---|---|---|---|
r-devel-linux-x86_64-debian-clang | 1.1.1 | 5.06 | 51.82 | 56.88 | OK | |
r-devel-linux-x86_64-debian-gcc | 1.1.1 | 3.01 | 38.46 | 41.47 | OK | |
r-devel-linux-x86_64-fedora-clang | 1.1.1 | 70.90 | NOTE | |||
r-devel-linux-x86_64-fedora-gcc | 1.1.1 | 84.11 | OK | |||
r-prerel-macos-arm64 | 1.1.1 | 30.00 | OK | |||
r-prerel-windows-x86_64 | 1.1.1 | 7.00 | 69.00 | 76.00 | OK | |
r-patched-linux-x86_64 | 1.1.1 | 6.79 | 49.89 | 56.68 | OK | |
r-release-linux-x86_64 | 1.1.1 | 4.50 | 48.54 | 53.04 | OK | |
r-release-macos-arm64 | 1.1.1 | 46.00 | OK | |||
r-release-macos-x86_64 | 1.1.1 | 111.00 | OK | |||
r-release-windows-x86_64 | 1.1.1 | 6.00 | 74.00 | 80.00 | OK | |
r-oldrel-macos-arm64 | 1.1.1 | 45.00 | OK | |||
r-oldrel-windows-x86_64 | 1.1.1 | 8.00 | 72.00 | 80.00 | OK |
Version: 1.1.1
Check: Rd cross-references
Result: NOTE
Undeclared package ‘hyperSpec’ in Rd xrefs
Flavor: r-devel-linux-x86_64-fedora-clang