CRAN Package Check Results for Package algorithmia

Last updated on 2022-07-05 11:49:47 CEST.

Flavor Version Tinstall Tcheck Ttotal Status Flags
r-devel-linux-x86_64-debian-clang 0.3.0 4.29 28.95 33.24 NOTE
r-devel-linux-x86_64-debian-gcc 0.3.0 3.25 23.09 26.34 NOTE
r-devel-linux-x86_64-fedora-clang 0.3.0 51.34 NOTE
r-devel-linux-x86_64-fedora-gcc 0.3.0 50.52 NOTE
r-devel-windows-x86_64 0.3.0 78.00 58.00 136.00 NOTE
r-patched-linux-x86_64 0.3.0 3.33 28.18 31.51 NOTE
r-release-linux-x86_64 0.3.0 4.85 28.49 33.34 NOTE
r-release-macos-arm64 0.3.0 19.00 NOTE
r-release-macos-x86_64 0.3.0 26.00 NOTE
r-release-windows-x86_64 0.3.0 32.00 55.00 87.00 NOTE
r-oldrel-macos-arm64 0.3.0 27.00 NOTE
r-oldrel-macos-x86_64 0.3.0 26.00 NOTE
r-oldrel-windows-ix86+x86_64 0.3.0 13.00 46.00 59.00 NOTE

Check Details

Version: 0.3.0
Check: LazyData
Result: NOTE
     'LazyData' is specified without a 'data' directory
Flavors: r-devel-linux-x86_64-debian-clang, r-devel-linux-x86_64-debian-gcc, r-devel-linux-x86_64-fedora-clang, r-devel-linux-x86_64-fedora-gcc, r-devel-windows-x86_64, r-patched-linux-x86_64, r-release-linux-x86_64, r-release-macos-arm64, r-release-macos-x86_64, r-release-windows-x86_64, r-oldrel-macos-arm64, r-oldrel-macos-x86_64, r-oldrel-windows-ix86+x86_64