Last updated on 2025-05-10 12:49:36 CEST.
Flavor | Version | Tinstall | Tcheck | Ttotal | Status | Flags |
---|---|---|---|---|---|---|
r-devel-linux-x86_64-debian-clang | 0.6-3.4 | 11.91 | 34.13 | 46.04 | NOTE | |
r-devel-linux-x86_64-debian-gcc | 0.6-3.4 | 7.74 | 26.66 | 34.40 | NOTE | |
r-devel-linux-x86_64-fedora-clang | 0.6-3.4 | 69.93 | NOTE | |||
r-devel-linux-x86_64-fedora-gcc | 0.6-3.4 | 68.77 | NOTE | |||
r-devel-windows-x86_64 | 0.6-3.4 | 12.00 | 64.00 | 76.00 | NOTE | |
r-patched-linux-x86_64 | 0.6-3.4 | 10.07 | 32.75 | 42.82 | NOTE | |
r-release-linux-x86_64 | 0.6-3.4 | 9.60 | 32.49 | 42.09 | NOTE | |
r-release-macos-arm64 | 0.6-3.4 | 31.00 | NOTE | |||
r-release-macos-x86_64 | 0.6-3.4 | 64.00 | NOTE | |||
r-release-windows-x86_64 | 0.6-3.4 | 14.00 | 60.00 | 74.00 | NOTE | |
r-oldrel-macos-arm64 | 0.6-3.4 | 30.00 | NOTE | |||
r-oldrel-macos-x86_64 | 0.6-3.4 | 42.00 | NOTE | |||
r-oldrel-windows-x86_64 | 0.6-3.4 | 14.00 | 63.00 | 77.00 | NOTE |
Version: 0.6-3.4
Check: Rd files
Result: NOTE
checkRd: (-1) interpp.Rd:119: Lost braces
119 | If \code{linear} is \\code{TRUE}, linear
| ^
Flavors: r-devel-linux-x86_64-debian-clang, r-devel-linux-x86_64-debian-gcc, r-devel-linux-x86_64-fedora-clang, r-devel-linux-x86_64-fedora-gcc, r-devel-windows-x86_64, r-patched-linux-x86_64, r-release-linux-x86_64, r-release-macos-arm64, r-release-macos-x86_64, r-release-windows-x86_64, r-oldrel-macos-arm64, r-oldrel-macos-x86_64, r-oldrel-windows-x86_64