CRAN Package Check Results for Package akima

Last updated on 2024-03-04 12:52:08 CET.

Flavor Version Tinstall Tcheck Ttotal Status Flags
r-devel-linux-x86_64-debian-clang 0.6-3.4 14.69 41.89 56.58 NOTE
r-devel-linux-x86_64-debian-gcc 0.6-3.4 9.96 31.82 41.78 NOTE
r-devel-linux-x86_64-fedora-clang 0.6-3.4 68.62 NOTE
r-devel-linux-x86_64-fedora-gcc 0.6-3.4 66.81 NOTE
r-devel-windows-x86_64 0.6-3.4 13.00 56.00 69.00 NOTE
r-patched-linux-x86_64 0.6-3.4 13.15 40.87 54.02 OK
r-release-linux-x86_64 0.6-3.4 12.60 40.50 53.10 OK
r-release-macos-arm64 0.6-3.4 33.00 OK
r-release-macos-x86_64 0.6-3.4 49.00 NOTE
r-release-windows-x86_64 0.6-3.4 14.00 60.00 74.00 OK
r-oldrel-macos-arm64 0.6-3.4 29.00 OK
r-oldrel-windows-x86_64 0.6-3.4 13.00 63.00 76.00 OK

Check Details

Version: 0.6-3.4
Check: Rd files
Result: NOTE checkRd: (-1) interpp.Rd:119: Lost braces 119 | If \code{linear} is \\code{TRUE}, linear | ^ Flavors: r-devel-linux-x86_64-debian-clang, r-devel-linux-x86_64-debian-gcc, r-devel-linux-x86_64-fedora-clang, r-devel-linux-x86_64-fedora-gcc, r-devel-windows-x86_64

Version: 0.6-3.4
Check: package dependencies
Result: NOTE Package which this enhances but not available for checking: ‘tripack’ Flavor: r-release-macos-x86_64

Version: 0.6-3.4
Check: Rd cross-references
Result: NOTE Package unavailable to check Rd xrefs: ‘tripack’ Flavor: r-release-macos-x86_64