Last updated on 2022-06-29 11:52:02 CEST.
Flavor | Version | Tinstall | Tcheck | Ttotal | Status | Flags |
---|---|---|---|---|---|---|
r-devel-linux-x86_64-debian-clang | 0.9.7 | 17.66 | 210.83 | 228.49 | OK | |
r-devel-linux-x86_64-debian-gcc | 0.9.7 | 13.40 | 152.06 | 165.46 | OK | |
r-devel-linux-x86_64-fedora-clang | 0.9.7 | 264.52 | NOTE | |||
r-devel-linux-x86_64-fedora-gcc | 0.9.7 | 253.92 | OK | |||
r-devel-windows-x86_64 | 0.9.7 | 28.00 | 229.00 | 257.00 | OK | |
r-patched-linux-x86_64 | 0.9.7 | 23.76 | 189.85 | 213.61 | OK | |
r-release-linux-x86_64 | 0.9.7 | 13.60 | 187.26 | 200.86 | OK | |
r-release-macos-arm64 | 0.9.7 | 88.00 | OK | |||
r-release-macos-x86_64 | 0.9.7 | 137.00 | OK | |||
r-release-windows-x86_64 | 0.9.7 | 27.00 | 218.00 | 245.00 | OK | |
r-oldrel-macos-arm64 | 0.9.7 | 65.00 | OK | |||
r-oldrel-macos-x86_64 | 0.9.7 | 109.00 | OK | |||
r-oldrel-windows-ix86+x86_64 | 0.9.7 | 37.00 | 224.00 | 261.00 | OK |
Version: 0.9.7
Check: Rd cross-references
Result: NOTE
Undeclared package ‘SnowballC’ in Rd xrefs
Flavor: r-devel-linux-x86_64-fedora-clang