Last updated on 2025-02-10 11:49:10 CET.
Flavor | Version | Tinstall | Tcheck | Ttotal | Status | Flags |
---|---|---|---|---|---|---|
r-devel-linux-x86_64-debian-clang | 1.0.0 | 2.46 | 29.17 | 31.63 | OK | |
r-devel-linux-x86_64-debian-gcc | 1.0.0 | 1.80 | 23.79 | 25.59 | OK | |
r-devel-linux-x86_64-fedora-clang | 1.0.0 | 52.53 | OK | |||
r-devel-linux-x86_64-fedora-gcc | 1.0.0 | 62.06 | OK | |||
r-devel-windows-x86_64 | 1.0.0 | 3.00 | 49.00 | 52.00 | OK | |
r-patched-linux-x86_64 | 1.0.0 | 2.35 | 28.13 | 30.48 | NOTE | |
r-release-linux-x86_64 | 1.0.0 | 1.92 | 28.11 | 30.03 | NOTE | |
r-release-macos-arm64 | 1.0.0 | 25.00 | NOTE | |||
r-release-macos-x86_64 | 1.0.0 | 36.00 | NOTE | |||
r-release-windows-x86_64 | 1.0.0 | 3.00 | 112.00 | 115.00 | NOTE | |
r-oldrel-macos-arm64 | 1.0.0 | 29.00 | NOTE | |||
r-oldrel-macos-x86_64 | 1.0.0 | 38.00 | NOTE | |||
r-oldrel-windows-x86_64 | 1.0.0 | 3.00 | 54.00 | 57.00 | NOTE |
Version: 1.0.0
Check: LazyData
Result: NOTE
'LazyData' is specified without a 'data' directory
Flavors: r-patched-linux-x86_64, r-release-linux-x86_64, r-release-macos-arm64, r-release-macos-x86_64, r-release-windows-x86_64, r-oldrel-macos-arm64, r-oldrel-macos-x86_64, r-oldrel-windows-x86_64