Last updated on 2024-03-28 09:51:36 CET.
Flavor | Version | Tinstall | Tcheck | Ttotal | Status | Flags |
---|---|---|---|---|---|---|
r-devel-linux-x86_64-debian-clang | 0.1.3 | 3.26 | 138.06 | 141.32 | NOTE | |
r-devel-linux-x86_64-debian-gcc | 0.1.3 | 2.41 | 105.00 | 107.41 | NOTE | |
r-devel-linux-x86_64-fedora-clang | 0.1.3 | 168.05 | NOTE | |||
r-devel-linux-x86_64-fedora-gcc | 0.1.3 | 182.12 | NOTE | |||
r-devel-windows-x86_64 | 0.1.3 | 4.00 | 123.00 | 127.00 | NOTE | |
r-patched-linux-x86_64 | 0.1.3 | 3.87 | 134.47 | 138.34 | NOTE | |
r-release-linux-x86_64 | 0.1.3 | 2.55 | 133.51 | 136.06 | OK | |
r-release-macos-arm64 | 0.1.3 | 62.00 | OK | |||
r-release-macos-x86_64 | 0.1.3 | 104.00 | OK | |||
r-release-windows-x86_64 | 0.1.3 | 4.00 | 151.00 | 155.00 | OK | |
r-oldrel-macos-arm64 | 0.1.3 | 54.00 | OK | |||
r-oldrel-windows-x86_64 | 0.1.3 | 4.00 | 157.00 | 161.00 | OK |
Version: 0.1.3
Check: Rd files
Result: NOTE
checkRd: (-1) CreateInputsPert.Rd:65: Lost braces
65 | \emph{InputsPert}{[list] object of class \emph{InputsModel} containing the ensembles of perturbed model inputs required to perform data assimilation:}
| ^
Flavors: r-devel-linux-x86_64-debian-clang, r-devel-linux-x86_64-debian-gcc, r-devel-linux-x86_64-fedora-clang, r-devel-linux-x86_64-fedora-gcc, r-devel-windows-x86_64, r-patched-linux-x86_64