CRAN Package Check Results for Package aif360

Last updated on 2022-07-01 11:51:54 CEST.

Flavor Version Tinstall Tcheck Ttotal Status Flags
r-devel-linux-x86_64-debian-clang 0.1.0 7.13 70.92 78.05 NOTE
r-devel-linux-x86_64-debian-gcc 0.1.0 6.93 55.04 61.97 NOTE
r-devel-linux-x86_64-fedora-clang 0.1.0 104.39 NOTE
r-devel-linux-x86_64-fedora-gcc 0.1.0 104.23 NOTE
r-devel-windows-x86_64 0.1.0 23.00 102.00 125.00 NOTE
r-patched-linux-x86_64 0.1.0 8.60 69.50 78.10 NOTE
r-release-linux-x86_64 0.1.0 8.11 69.46 77.57 NOTE
r-release-macos-arm64 0.1.0 30.00 NOTE
r-release-macos-x86_64 0.1.0 49.00 NOTE
r-release-windows-x86_64 0.1.0 21.00 101.00 122.00 NOTE
r-oldrel-macos-arm64 0.1.0 41.00 NOTE
r-oldrel-macos-x86_64 0.1.0 66.00 NOTE
r-oldrel-windows-ix86+x86_64 0.1.0 19.00 86.00 105.00 NOTE

Additional issues

donttest

Check Details

Version: 0.1.0
Check: LazyData
Result: NOTE
     'LazyData' is specified without a 'data' directory
Flavors: r-devel-linux-x86_64-debian-clang, r-devel-linux-x86_64-debian-gcc, r-devel-linux-x86_64-fedora-clang, r-devel-linux-x86_64-fedora-gcc, r-devel-windows-x86_64, r-patched-linux-x86_64, r-release-linux-x86_64, r-release-macos-arm64, r-release-macos-x86_64, r-release-windows-x86_64, r-oldrel-macos-arm64, r-oldrel-macos-x86_64, r-oldrel-windows-ix86+x86_64