Last updated on 2023-01-29 12:55:22 CET.
Flavor | Version | Tinstall | Tcheck | Ttotal | Status | Flags |
---|---|---|---|---|---|---|
r-devel-linux-x86_64-debian-clang | 0.1.0 | 25.68 | 293.90 | 319.58 | OK | |
r-devel-linux-x86_64-debian-gcc | 0.1.0 | 23.36 | 216.33 | 239.69 | OK | |
r-devel-linux-x86_64-fedora-clang | 0.1.0 | 389.30 | OK | |||
r-devel-linux-x86_64-fedora-gcc | 0.1.0 | 387.59 | OK | |||
r-devel-windows-x86_64 | 0.1.0 | 45.00 | 350.00 | 395.00 | OK | |
r-patched-linux-x86_64 | 0.1.0 | 23.77 | 280.47 | 304.24 | OK | |
r-release-linux-x86_64 | 0.1.0 | 23.79 | 278.34 | 302.13 | OK | |
r-release-macos-arm64 | 0.1.0 | 121.00 | OK | |||
r-release-macos-x86_64 | 0.1.0 | 138.00 | OK | |||
r-release-windows-x86_64 | 0.1.0 | 36.00 | 291.00 | 327.00 | FAIL | |
r-oldrel-macos-arm64 | 0.1.0 | 117.00 | OK | |||
r-oldrel-macos-x86_64 | 0.1.0 | 139.00 | OK | |||
r-oldrel-windows-ix86+x86_64 | 0.1.0 | 65.00 | 292.00 | 357.00 | FAIL |
Version: 0.1.0
Check: examples
Result: FAIL
Flavors: r-release-windows-x86_64, r-oldrel-windows-ix86+x86_64