CRAN Package Check Results for Package agriwater

Last updated on 2022-07-02 12:52:57 CEST.

Flavor Version Tinstall Tcheck Ttotal Status Flags
r-devel-linux-x86_64-debian-clang 1.0.1 35.42 272.75 308.17 NOTE
r-devel-linux-x86_64-debian-gcc 1.0.1 26.30 200.98 227.28 NOTE
r-devel-linux-x86_64-fedora-clang 1.0.1 365.20 NOTE
r-devel-linux-x86_64-fedora-gcc 1.0.1 369.77 NOTE
r-devel-windows-x86_64 1.0.1 46.00 259.00 305.00 NOTE
r-patched-linux-x86_64 1.0.1 36.68 265.34 302.02 NOTE
r-release-linux-x86_64 1.0.1 37.37 261.83 299.20 NOTE
r-release-macos-arm64 1.0.1 75.00 NOTE
r-release-macos-x86_64 1.0.1 112.00 NOTE
r-release-windows-x86_64 1.0.1 41.00 252.00 293.00 NOTE
r-oldrel-macos-arm64 1.0.1 49.00 NOTE
r-oldrel-macos-x86_64 1.0.1 84.00 NOTE
r-oldrel-windows-ix86+x86_64 1.0.1 70.00 266.00 336.00 NOTE

Check Details

Version: 1.0.1
Check: LazyData
Result: NOTE
     'LazyData' is specified without a 'data' directory
Flavors: r-devel-linux-x86_64-debian-clang, r-devel-linux-x86_64-debian-gcc, r-devel-linux-x86_64-fedora-clang, r-devel-linux-x86_64-fedora-gcc, r-devel-windows-x86_64, r-patched-linux-x86_64, r-release-linux-x86_64, r-release-macos-arm64, r-release-macos-x86_64, r-release-windows-x86_64, r-oldrel-macos-arm64, r-oldrel-macos-x86_64, r-oldrel-windows-ix86+x86_64