Last updated on 2024-04-23 10:53:56 CEST.
Flavor | Version | Tinstall | Tcheck | Ttotal | Status | Flags |
---|---|---|---|---|---|---|
r-devel-linux-x86_64-debian-clang | 0.5-3 | 13.01 | 91.58 | 104.59 | OK | |
r-devel-linux-x86_64-debian-gcc | 0.5-3 | 9.29 | 68.40 | 77.69 | OK | |
r-devel-linux-x86_64-fedora-clang | 0.5-3 | 126.45 | NOTE | |||
r-devel-linux-x86_64-fedora-gcc | 0.5-3 | 136.96 | OK | |||
r-prerel-macos-arm64 | 0.5-3 | 39.00 | OK | |||
r-prerel-windows-x86_64 | 0.5-3 | 10.00 | 81.00 | 91.00 | OK | |
r-patched-linux-x86_64 | 0.5-3 | 10.48 | 88.82 | 99.30 | OK | |
r-release-linux-x86_64 | 0.5-3 | 9.14 | 90.18 | 99.32 | OK | |
r-release-macos-arm64 | 0.5-3 | 45.00 | OK | |||
r-release-macos-x86_64 | 0.5-3 | 75.00 | NOTE | |||
r-release-windows-x86_64 | 0.5-3 | 13.00 | 162.00 | 175.00 | OK | |
r-oldrel-macos-arm64 | 0.5-3 | 47.00 | OK | |||
r-oldrel-windows-x86_64 | 0.5-3 | 14.00 | 100.00 | 114.00 | OK |
Version: 0.5-3
Check: Rd cross-references
Result: NOTE
Undeclared packages ‘epiR’, ‘cccrm’ in Rd xrefs
Flavor: r-devel-linux-x86_64-fedora-clang
Version: 0.5-3
Check: Rd cross-references
Result: NOTE
Package unavailable to check Rd xrefs: ‘epiR’
Flavor: r-release-macos-x86_64