Last updated on 2023-09-28 11:55:25 CEST.
Flavor | Version | Tinstall | Tcheck | Ttotal | Status | Flags |
---|---|---|---|---|---|---|
r-devel-linux-x86_64-debian-clang | 4.3.1.1 | 111.63 | 114.78 | 226.41 | OK | |
r-devel-linux-x86_64-debian-gcc | 4.3.1.1 | 61.50 | 85.67 | 147.17 | OK | |
r-devel-linux-x86_64-fedora-clang | 4.3.1.1 | 270.43 | OK | |||
r-devel-linux-x86_64-fedora-gcc | 4.3.1.1 | 263.78 | OK | |||
r-devel-windows-x86_64 | 4.3.1.1 | 54.00 | 129.00 | 183.00 | OK | |
r-patched-linux-x86_64 | 4.3.1.1 | 70.65 | 107.40 | 178.05 | OK | |
r-release-linux-x86_64 | 4.3.1.1 | 51.67 | 108.96 | 160.63 | OK | |
r-release-macos-arm64 | 4.3.1.1 | 67.00 | NOTE | |||
r-release-macos-x86_64 | 4.3.1.1 | 171.00 | NOTE | |||
r-release-windows-x86_64 | 4.3.1.1 | 77.00 | 153.00 | 230.00 | OK | |
r-oldrel-macos-arm64 | 4.3.1.1 | 68.00 | NOTE | |||
r-oldrel-macos-x86_64 | 4.3.1.1 | 103.00 | NOTE | |||
r-oldrel-windows-x86_64 | 4.3.1.1 | 68.00 | 139.00 | 207.00 | OK |
Version: 4.3.1.1
Check: installed package size
Result: NOTE
installed size is 7.9Mb
sub-directories of 1Mb or more:
libs 7.7Mb
Flavors: r-release-macos-arm64, r-release-macos-x86_64, r-oldrel-macos-arm64, r-oldrel-macos-x86_64