Last updated on 2023-10-02 11:10:47 CEST.
Flavor | Version | Tinstall | Tcheck | Ttotal | Status | Flags |
---|---|---|---|---|---|---|
r-devel-linux-x86_64-debian-clang | 1.2.0 | 109.14 | 119.15 | 228.29 | OK | |
r-devel-linux-x86_64-debian-gcc | 1.2.0 | 80.67 | 87.28 | 167.95 | OK | |
r-devel-linux-x86_64-fedora-clang | 1.2.0 | 339.45 | OK | |||
r-devel-linux-x86_64-fedora-gcc | 1.2.0 | 309.59 | OK | |||
r-devel-windows-x86_64 | 1.2.0 | 86.00 | 115.00 | 201.00 | OK | |
r-patched-linux-x86_64 | 1.1.6 | 15.30 | 116.76 | 132.06 | NOTE | |
r-release-linux-x86_64 | 1.2.0 | 84.69 | 114.37 | 199.06 | OK | |
r-release-macos-arm64 | 1.2.0 | 68.00 | NOTE | |||
r-release-macos-x86_64 | 1.2.0 | 115.00 | NOTE | |||
r-release-windows-x86_64 | 1.2.0 | 110.00 | 135.00 | 245.00 | OK | |
r-oldrel-macos-arm64 | 1.2.0 | 72.00 | NOTE | |||
r-oldrel-macos-x86_64 | 1.1.6 | 83.00 | OK | |||
r-oldrel-windows-x86_64 | 1.2.0 | 84.00 | 154.00 | 238.00 | OK |
Version: 1.1.6
Check: package subdirectories
Result: NOTE
Problems with news in ‘NEWS.md’:
No news entries found.
Flavor: r-patched-linux-x86_64
Version: 1.2.0
Check: installed package size
Result: NOTE
installed size is 5.7Mb
sub-directories of 1Mb or more:
libs 5.3Mb
Flavors: r-release-macos-arm64, r-release-macos-x86_64, r-oldrel-macos-arm64