CRAN Package Check Results for Package aftgee

Last updated on 2025-06-18 12:49:10 CEST.

Flavor Version Tinstall Tcheck Ttotal Status Flags
r-devel-linux-x86_64-debian-clang 1.2.1 77.58 91.95 169.53 OK
r-devel-linux-x86_64-debian-gcc 1.2.1 50.93 61.80 112.73 OK
r-devel-linux-x86_64-fedora-clang 1.2.1 301.90 OK
r-devel-linux-x86_64-fedora-gcc 1.2.1 262.52 OK
r-devel-windows-x86_64 1.2.1 80.00 110.00 190.00 OK
r-patched-linux-x86_64 1.2.1 74.45 84.45 158.90 OK
r-release-linux-x86_64 1.2.1 74.15 83.83 157.98 OK
r-release-macos-arm64 1.2.1 66.00 OK
r-release-macos-x86_64 1.2.1 108.00 OK
r-release-windows-x86_64 1.2.1 78.00 111.00 189.00 OK
r-oldrel-macos-arm64 1.2.1 62.00 NOTE
r-oldrel-macos-x86_64 1.2.1 101.00 NOTE
r-oldrel-windows-x86_64 1.2.1 99.00 140.00 239.00 OK

Check Details

Version: 1.2.1
Check: installed package size
Result: NOTE installed size is 5.8Mb sub-directories of 1Mb or more: libs 5.3Mb Flavors: r-oldrel-macos-arm64, r-oldrel-macos-x86_64