Last updated on 2024-04-17 10:41:30 CEST.
Flavor | Version | Tinstall | Tcheck | Ttotal | Status | Flags |
---|---|---|---|---|---|---|
r-devel-linux-x86_64-debian-clang | 1.2.0 | 121.32 | 112.90 | 234.22 | OK | |
r-devel-linux-x86_64-debian-gcc | 1.2.0 | 89.19 | 82.41 | 171.60 | OK | |
r-devel-linux-x86_64-fedora-clang | 1.2.0 | 311.76 | OK | |||
r-devel-linux-x86_64-fedora-gcc | 1.2.0 | 322.33 | OK | |||
r-prerel-macos-arm64 | 1.2.0 | 66.00 | NOTE | |||
r-prerel-windows-x86_64 | 1.2.0 | 82.00 | 163.00 | 245.00 | OK | |
r-patched-linux-x86_64 | 1.2.0 | 90.18 | 109.76 | 199.94 | OK | |
r-release-linux-x86_64 | 1.2.0 | 81.39 | 107.38 | 188.77 | OK | |
r-release-macos-arm64 | 1.2.0 | 68.00 | NOTE | |||
r-release-macos-x86_64 | 1.2.0 | 115.00 | NOTE | |||
r-release-windows-x86_64 | 1.2.0 | 109.00 | 131.00 | 240.00 | OK | |
r-oldrel-macos-arm64 | 1.2.0 | 72.00 | NOTE | |||
r-oldrel-windows-x86_64 | 1.2.0 | 105.00 | 130.00 | 235.00 | OK |
Version: 1.2.0
Check: installed package size
Result: NOTE
installed size is 5.7Mb
sub-directories of 1Mb or more:
libs 5.3Mb
Flavors: r-prerel-macos-arm64, r-release-macos-arm64, r-release-macos-x86_64, r-oldrel-macos-arm64