Last updated on 2024-04-23 10:53:56 CEST.
Flavor | Version | Tinstall | Tcheck | Ttotal | Status | Flags |
---|---|---|---|---|---|---|
r-devel-linux-x86_64-debian-clang | 0.4.0 | 23.69 | 272.44 | 296.13 | OK | |
r-devel-linux-x86_64-debian-gcc | 0.4.0 | 19.76 | 186.10 | 205.86 | OK | |
r-devel-linux-x86_64-fedora-clang | 0.4.0 | 386.07 | OK | |||
r-devel-linux-x86_64-fedora-gcc | 0.4.0 | 372.49 | OK | |||
r-prerel-macos-arm64 | 0.4.0 | 86.00 | OK | |||
r-prerel-macos-x86_64 | 0.4.0 | 250.00 | OK | |||
r-prerel-windows-x86_64 | 0.4.0 | 19.00 | 178.00 | 197.00 | OK | |
r-patched-linux-x86_64 | 0.4.0 | 27.22 | 249.57 | 276.79 | OK | |
r-release-linux-x86_64 | 0.4.0 | 26.35 | 253.57 | 279.92 | OK | |
r-release-macos-arm64 | 0.4.0 | 87.00 | OK | |||
r-release-macos-x86_64 | 0.4.0 | 197.00 | OK | |||
r-release-windows-x86_64 | 0.4.0 | 28.00 | 215.00 | 243.00 | OK | |
r-oldrel-macos-arm64 | 0.4.0 | 18.00 | ERROR | |||
r-oldrel-windows-x86_64 | 0.4.0 | 1.00 | 11.00 | 12.00 | ERROR |
Version: 0.4.0
Check: package dependencies
Result: ERROR
Package required but not available: ‘cnmap’
See section ‘The DESCRIPTION file’ in the ‘Writing R Extensions’
manual.
Flavors: r-oldrel-macos-arm64, r-oldrel-windows-x86_64