Last updated on 2024-03-29 09:55:17 CET.
Flavor | Version | Tinstall | Tcheck | Ttotal | Status | Flags |
---|---|---|---|---|---|---|
r-devel-linux-x86_64-debian-clang | 1.0.2 | 19.91 | 402.65 | 422.56 | OK | |
r-devel-linux-x86_64-debian-gcc | 1.0.2 | 13.97 | 300.87 | 314.84 | OK | |
r-devel-linux-x86_64-fedora-clang | 1.0.2 | 507.93 | NOTE | |||
r-devel-linux-x86_64-fedora-gcc | 1.0.2 | 510.55 | NOTE | |||
r-devel-windows-x86_64 | 1.0.2 | 19.00 | 330.00 | 349.00 | OK | |
r-patched-linux-x86_64 | 1.0.2 | 22.62 | 387.08 | 409.70 | OK | |
r-release-linux-x86_64 | 1.0.2 | 15.16 | 379.56 | 394.72 | OK | |
r-release-macos-arm64 | 1.0.2 | 158.00 | OK | |||
r-release-macos-x86_64 | 1.0.2 | 348.00 | OK | |||
r-release-windows-x86_64 | 1.0.2 | 23.00 | 423.00 | 446.00 | OK | |
r-oldrel-macos-arm64 | 1.0.2 | 155.00 | OK | |||
r-oldrel-windows-x86_64 | 1.0.2 | 24.00 | 386.00 | 410.00 | OK |
Version: 1.0.2
Check: data for non-ASCII characters
Result: NOTE
Note: found 12 marked UTF-8 strings
Flavors: r-devel-linux-x86_64-fedora-clang, r-devel-linux-x86_64-fedora-gcc