Last updated on 2024-03-28 09:51:36 CET.
Flavor | Version | Tinstall | Tcheck | Ttotal | Status | Flags |
---|---|---|---|---|---|---|
r-devel-linux-x86_64-debian-clang | 0.6.1 | 2.29 | 26.11 | 28.40 | NOTE | |
r-devel-linux-x86_64-debian-gcc | 0.6.1 | 1.69 | 20.69 | 22.38 | NOTE | |
r-devel-linux-x86_64-fedora-clang | 0.6.1 | 35.69 | NOTE | |||
r-devel-linux-x86_64-fedora-gcc | 0.6.1 | 35.12 | NOTE | |||
r-devel-windows-x86_64 | 0.6.1 | 3.00 | 43.00 | 46.00 | NOTE | |
r-patched-linux-x86_64 | 0.6.1 | 1.96 | 26.05 | 28.01 | NOTE | |
r-release-linux-x86_64 | 0.6.1 | 1.40 | 26.14 | 27.54 | NOTE | |
r-release-macos-arm64 | 0.6.1 | 17.00 | NOTE | |||
r-release-macos-x86_64 | 0.6.1 | 22.00 | NOTE | |||
r-release-windows-x86_64 | 0.6.1 | 3.00 | 46.00 | 49.00 | NOTE | |
r-oldrel-macos-arm64 | 0.6.1 | 17.00 | NOTE | |||
r-oldrel-windows-x86_64 | 0.6.1 | 4.00 | 49.00 | 53.00 | NOTE |
Version: 0.6.1
Check: LazyData
Result: NOTE
'LazyData' is specified without a 'data' directory
Flavors: r-devel-linux-x86_64-debian-clang, r-devel-linux-x86_64-debian-gcc, r-devel-linux-x86_64-fedora-clang, r-devel-linux-x86_64-fedora-gcc, r-devel-windows-x86_64, r-patched-linux-x86_64, r-release-linux-x86_64, r-release-macos-arm64, r-release-macos-x86_64, r-release-windows-x86_64, r-oldrel-macos-arm64, r-oldrel-windows-x86_64