Last updated on 2024-03-28 09:51:36 CET.
Flavor | Version | Tinstall | Tcheck | Ttotal | Status | Flags |
---|---|---|---|---|---|---|
r-devel-linux-x86_64-debian-clang | 0.11.0 | 13.40 | 676.53 | 689.93 | OK | |
r-devel-linux-x86_64-debian-gcc | 0.11.0 | 10.91 | 482.22 | 493.13 | OK | |
r-devel-linux-x86_64-fedora-clang | 0.11.0 | 899.52 | NOTE | |||
r-devel-linux-x86_64-fedora-gcc | 0.11.0 | 889.67 | OK | |||
r-devel-windows-x86_64 | 0.11.0 | 13.00 | 519.00 | 532.00 | OK | |
r-patched-linux-x86_64 | 0.11.0 | 16.67 | 676.33 | 693.00 | OK | |
r-release-linux-x86_64 | 0.11.0 | 14.47 | 660.81 | 675.28 | OK | |
r-release-macos-arm64 | 0.11.0 | 198.00 | OK | |||
r-release-macos-x86_64 | 0.11.0 | 468.00 | OK | |||
r-release-windows-x86_64 | 0.11.0 | 16.00 | 696.00 | 712.00 | OK | |
r-oldrel-macos-arm64 | 0.11.0 | 206.00 | OK | |||
r-oldrel-windows-x86_64 | 0.11.0 | 18.00 | 672.00 | 690.00 | OK |
Version: 0.11.0
Check: Rd cross-references
Result: NOTE
Undeclared packages ‘timereg’, ‘rms’, ‘ranger’ in Rd xrefs
Flavor: r-devel-linux-x86_64-fedora-clang