Last updated on 2022-07-02 12:52:57 CEST.
Flavor | Version | Tinstall | Tcheck | Ttotal | Status | Flags |
---|---|---|---|---|---|---|
r-devel-linux-x86_64-debian-clang | 0.3-16 | 61.64 | 670.12 | 731.76 | NOTE | |
r-devel-linux-x86_64-debian-gcc | 0.3-16 | 50.49 | 494.08 | 544.57 | NOTE | |
r-devel-linux-x86_64-fedora-clang | 0.3-16 | 845.46 | NOTE | |||
r-devel-linux-x86_64-fedora-gcc | 0.3-16 | 860.62 | NOTE | |||
r-devel-windows-x86_64 | 0.3-16 | 99.00 | 666.00 | 765.00 | NOTE | |
r-patched-linux-x86_64 | 0.3-16 | 57.17 | 644.79 | 701.96 | OK | |
r-release-linux-x86_64 | 0.3-16 | 50.34 | 647.91 | 698.25 | OK | |
r-release-macos-arm64 | 0.3-16 | 237.00 | OK | |||
r-release-macos-x86_64 | 0.3-16 | 368.00 | OK | |||
r-release-windows-x86_64 | 0.3-16 | 103.00 | 670.00 | 773.00 | OK | |
r-oldrel-macos-arm64 | 0.3-16 | 230.00 | OK | |||
r-oldrel-macos-x86_64 | 0.3-16 | 282.00 | OK | |||
r-oldrel-windows-ix86+x86_64 | 0.3-16 | 126.00 | 936.00 | 1062.00 | OK |
Version: 0.3-16
Check: Rd files
Result: NOTE
checkRd: (-1) multispati.Rd:62: Escaped LaTeX specials: \$
Flavors: r-devel-linux-x86_64-debian-clang, r-devel-linux-x86_64-debian-gcc, r-devel-linux-x86_64-fedora-clang, r-devel-linux-x86_64-fedora-gcc, r-devel-windows-x86_64